CRAN Package Check Results for Package RAMClustR

Last updated on 2021-12-03 19:50:23 CET.

Flavor Version Tinstall Tcheck Ttotal Status Flags
r-devel-linux-x86_64-debian-clang 1.2.2 13.87 101.98 115.85 OK
r-devel-linux-x86_64-debian-gcc 1.2.2 13.54 77.47 91.01 OK
r-devel-linux-x86_64-fedora-clang 1.2.2 162.92 NOTE
r-devel-linux-x86_64-fedora-gcc 1.2.2 139.90 NOTE
r-devel-windows-x86_64-new-UL 1.2.2 32.00 144.00 176.00 OK
r-devel-windows-x86_64-new-TK 1.2.2 NOTE
r-devel-windows-x86_64-old 1.2.2 24.00 98.00 122.00 OK
r-patched-linux-x86_64 1.2.2 15.58 99.65 115.23 OK
r-release-linux-x86_64 1.2.2 13.09 98.86 111.95 OK
r-release-macos-arm64 1.2.2 NOTE
r-release-macos-x86_64 1.2.2 NOTE
r-release-windows-ix86+x86_64 1.2.2 30.00 121.00 151.00 OK
r-oldrel-macos-x86_64 1.2.2 ERROR
r-oldrel-windows-ix86+x86_64 1.2.2 30.00 126.00 156.00 OK

Check Details

Version: 1.2.2
Check: dependencies in R code
Result: NOTE
    Namespaces in Imports field not imported from:
     ‘BiocManager’ ‘stringi’ ‘xml2’
     All declared Imports should be used.
Flavors: r-devel-linux-x86_64-fedora-clang, r-devel-linux-x86_64-fedora-gcc, r-devel-windows-x86_64-new-TK, r-release-macos-arm64, r-release-macos-x86_64

Version: 1.2.2
Check: package dependencies
Result: ERROR
    Package required but not available: ‘InterpretMSSpectrum’
    
    See section ‘The DESCRIPTION file’ in the ‘Writing R Extensions’
    manual.
Flavor: r-oldrel-macos-x86_64