CRAN Package Check Results for Package RAMpath

Last updated on 2022-01-28 19:51:07 CET.

Flavor Version Tinstall Tcheck Ttotal Status Flags
r-devel-linux-x86_64-debian-clang 0.4 7.61 63.20 70.81 NOTE
r-devel-linux-x86_64-debian-gcc 0.4 4.82 48.03 52.85 NOTE
r-devel-linux-x86_64-fedora-clang 0.4 93.04 NOTE
r-devel-linux-x86_64-fedora-gcc 0.4 76.85 NOTE
r-devel-windows-x86_64-new-UL 0.4 50.00 81.00 131.00 OK
r-devel-windows-x86_64-new-TK 0.4 OK
r-patched-linux-x86_64 0.4 5.45 60.33 65.78 NOTE
r-release-linux-x86_64 0.4 7.32 60.28 67.60 NOTE
r-release-macos-arm64 0.4 OK
r-release-macos-x86_64 0.4 OK
r-release-windows-ix86+x86_64 0.4 12.00 72.00 84.00 OK
r-oldrel-macos-x86_64 0.4 OK
r-oldrel-windows-ix86+x86_64 0.4 12.00 73.00 85.00 OK

Check Details

Version: 0.4
Check: for non-standard things in the check directory
Result: NOTE
    Found the following files/directories:
     'blcs.dot' 'ex1.dot' 'ex1bridge1.dot' 'ex1bridge2.dot'
     'ex1bridge3.dot' 'ex1effect1.dot' 'ex1effect2.dot' 'gcmlinear.dot'
     'latent.dot' 'lcs.dot' 'mimic.dot'
Flavors: r-devel-linux-x86_64-debian-clang, r-devel-linux-x86_64-debian-gcc, r-patched-linux-x86_64, r-release-linux-x86_64

Version: 0.4
Check: for non-standard things in the check directory
Result: NOTE
    Found the following files/directories:
     ‘blcs.dot’ ‘blcs.pdf’ ‘ex1.dot’ ‘ex1.pdf’ ‘ex1bridge1.dot’
     ‘ex1bridge1.pdf’ ‘ex1bridge2.dot’ ‘ex1bridge2.pdf’ ‘ex1bridge3.dot’
     ‘ex1bridge3.pdf’ ‘ex1effect1.dot’ ‘ex1effect1.pdf’ ‘ex1effect2.dot’
     ‘ex1effect2.pdf’ ‘gcmlinear.dot’ ‘gcmlinear.pdf’ ‘latent.dot’
     ‘latent.pdf’ ‘lcs.dot’ ‘lcs.pdf’ ‘mimic.dot’ ‘mimic.pdf’
Flavors: r-devel-linux-x86_64-fedora-clang, r-devel-linux-x86_64-fedora-gcc