CRAN Package Check Results for Package RClone

Last updated on 2021-03-03 19:48:15 CET.

Flavor Version Tinstall Tcheck Ttotal Status Flags
r-devel-linux-x86_64-debian-clang 1.0.2 7.54 228.88 236.42 NOTE
r-devel-linux-x86_64-debian-gcc 1.0.2 6.77 152.13 158.90 NOTE
r-devel-linux-x86_64-fedora-clang 1.0.2 282.17 NOTE
r-devel-linux-x86_64-fedora-gcc 1.0.2 290.86 NOTE
r-devel-windows-ix86+x86_64 1.0.2 14.00 257.00 271.00 OK
r-patched-linux-x86_64 1.0.2 7.49 214.34 221.83 NOTE
r-patched-solaris-x86 1.0.2 304.50 NOTE
r-release-linux-x86_64 1.0.2 8.21 211.17 219.38 NOTE
r-release-macos-x86_64 1.0.2 OK
r-release-windows-ix86+x86_64 1.0.2 14.00 185.00 199.00 OK
r-oldrel-macos-x86_64 1.0.2 OK
r-oldrel-windows-ix86+x86_64 1.0.2 22.00 233.00 255.00 OK

Check Details

Version: 1.0.2
Check: for non-standard things in the check directory
Result: NOTE
    Found the following files/directories:
     'file1.arp' 'file2.arp' 'test.txt' 'test2.txt'
Flavors: r-devel-linux-x86_64-debian-clang, r-devel-linux-x86_64-debian-gcc, r-devel-linux-x86_64-fedora-clang, r-devel-linux-x86_64-fedora-gcc, r-patched-linux-x86_64, r-patched-solaris-x86, r-release-linux-x86_64