CRAN Package Check Results for Package RCurl

Last updated on 2021-05-16 21:47:52 CEST.

Flavor Version Tinstall Tcheck Ttotal Status Flags
r-devel-linux-x86_64-debian-clang 1.98-1.3 19.40 46.39 65.79 NOTE
r-devel-linux-x86_64-debian-gcc 1.98-1.3 14.28 36.02 50.30 NOTE
r-devel-linux-x86_64-fedora-clang 1.98-1.3 89.68 NOTE
r-devel-linux-x86_64-fedora-gcc 1.98-1.3 78.88 NOTE
r-devel-windows-ix86+x86_64 1.98-1.3 49.00 138.00 187.00 NOTE
r-devel-windows-x86_64-gcc10-UCRT 1.98-1.3 WARN
r-patched-linux-x86_64 1.98-1.3 18.25 44.58 62.83 NOTE
r-patched-solaris-x86 1.98-1.3 114.30 NOTE --no-examples
r-release-linux-x86_64 1.98-1.3 16.37 44.26 60.63 NOTE
r-release-macos-x86_64 1.98-1.3 NOTE
r-release-windows-ix86+x86_64 1.98-1.3 48.00 121.00 169.00 NOTE
r-oldrel-macos-x86_64 1.98-1.3 NOTE
r-oldrel-windows-ix86+x86_64 1.98-1.3 28.00 115.00 143.00 NOTE

Check Details

Version: 1.98-1.3
Check: for GNU extensions in Makefiles
Result: NOTE
    GNU make is a SystemRequirements.
Flavors: r-devel-linux-x86_64-debian-clang, r-devel-linux-x86_64-debian-gcc, r-devel-linux-x86_64-fedora-clang, r-devel-linux-x86_64-fedora-gcc, r-devel-windows-ix86+x86_64, r-devel-windows-x86_64-gcc10-UCRT, r-patched-linux-x86_64, r-release-linux-x86_64, r-release-macos-x86_64, r-release-windows-ix86+x86_64, r-oldrel-macos-x86_64, r-oldrel-windows-ix86+x86_64

Version: 1.98-1.3
Check: installed package size
Result: NOTE
     installed size is 6.4Mb
     sub-directories of 1Mb or more:
     libs 4.4Mb
Flavors: r-devel-windows-ix86+x86_64, r-release-windows-ix86+x86_64, r-oldrel-windows-ix86+x86_64

Version: 1.98-1.3
Check: whether package can be installed
Result: WARN
    Found the following significant warnings:
     WARNING: failed to apply patch patches/CRAN/RCurl.diff
Flavor: r-devel-windows-x86_64-gcc10-UCRT

Version: 1.98-1.3
Flags: --no-examples
Check: for GNU extensions in Makefiles
Result: NOTE
    GNU make is a SystemRequirements.
Flavor: r-patched-solaris-x86