CRAN Package Check Results for Package RCurl

Last updated on 2022-11-29 19:54:25 CET.

Flavor Version Tinstall Tcheck Ttotal Status Flags
r-devel-linux-x86_64-debian-clang 1.98-1.9 19.42 53.80 73.22 NOTE
r-devel-linux-x86_64-debian-gcc 1.98-1.9 16.00 41.68 57.68 NOTE
r-devel-linux-x86_64-fedora-clang 1.98-1.9 104.01 NOTE
r-devel-linux-x86_64-fedora-gcc 1.98-1.9 101.87 NOTE
r-devel-windows-x86_64 1.98-1.9 119.00 154.00 273.00 NOTE
r-patched-linux-x86_64 1.98-1.9 21.21 51.21 72.42 NOTE
r-release-linux-x86_64 1.98-1.9 17.71 50.72 68.43 NOTE
r-release-macos-arm64 1.98-1.9 81.00 NOTE
r-release-macos-x86_64 1.98-1.9 115.00 NOTE
r-release-windows-x86_64 1.98-1.9 105.00 148.00 253.00 NOTE
r-oldrel-macos-arm64 1.98-1.9 87.00 NOTE
r-oldrel-macos-x86_64 1.98-1.9 111.00 NOTE
r-oldrel-windows-ix86+x86_64 1.98-1.9 49.00 123.00 172.00 NOTE

Check Details

Version: 1.98-1.9
Check: for GNU extensions in Makefiles
Result: NOTE
    GNU make is a SystemRequirements.
Flavors: r-devel-linux-x86_64-debian-clang, r-devel-linux-x86_64-debian-gcc, r-devel-linux-x86_64-fedora-clang, r-devel-linux-x86_64-fedora-gcc, r-devel-windows-x86_64, r-patched-linux-x86_64, r-release-linux-x86_64, r-release-macos-arm64, r-release-macos-x86_64, r-release-windows-x86_64, r-oldrel-macos-arm64, r-oldrel-macos-x86_64, r-oldrel-windows-ix86+x86_64

Version: 1.98-1.9
Check: installed package size
Result: NOTE
     installed size is 8.3Mb
     sub-directories of 1Mb or more:
     libs 6.3Mb
Flavors: r-devel-windows-x86_64, r-release-windows-x86_64, r-oldrel-windows-ix86+x86_64