Last updated on 2022-05-26 21:50:15 CEST.
Flavor | Version | Tinstall | Tcheck | Ttotal | Status | Flags |
---|---|---|---|---|---|---|
r-devel-linux-x86_64-debian-clang | 1.2.1 | 2.83 | 124.06 | 126.89 | OK | |
r-devel-linux-x86_64-debian-gcc | 1.2.1 | 2.15 | 94.99 | 97.14 | OK | |
r-devel-linux-x86_64-fedora-clang | 1.2.1 | 146.23 | OK | |||
r-devel-linux-x86_64-fedora-gcc | 1.2.1 | 145.55 | OK | |||
r-devel-windows-x86_64 | 1.2.1 | 27.00 | 203.00 | 230.00 | OK | |
r-patched-linux-x86_64 | 1.2.1 | 2.36 | 116.35 | 118.71 | OK | |
r-release-linux-x86_64 | 1.2.1 | 2.57 | 116.84 | 119.41 | OK | |
r-release-macos-arm64 | 1.2.1 | 53.00 | NOTE | |||
r-release-macos-x86_64 | 1.2.1 | 74.00 | OK | |||
r-release-windows-x86_64 | 1.2.1 | 27.00 | 209.00 | 236.00 | OK | |
r-oldrel-macos-arm64 | 1.2.1 | 56.00 | OK | |||
r-oldrel-macos-x86_64 | 1.2.1 | 68.00 | OK | |||
r-oldrel-windows-ix86+x86_64 | 1.2.1 | 8.00 | 172.00 | 180.00 | OK |
Version: 1.2.1
Check: package dependencies
Result: NOTE
Package suggested but not available for checking: ‘Mercator’
Flavor: r-release-macos-arm64
Version: 1.2.1
Check: Rd cross-references
Result: NOTE
Package unavailable to check Rd xrefs: ‘Mercator’
Flavor: r-release-macos-arm64