CRAN Package Check Results for Package RDota2

Last updated on 2021-12-06 19:50:49 CET.

Flavor Version Tinstall Tcheck Ttotal Status Flags
r-devel-linux-x86_64-debian-clang 0.1.6 2.35 36.50 38.85 NOTE
r-devel-linux-x86_64-debian-gcc 0.1.6 1.98 28.62 30.60 NOTE
r-devel-linux-x86_64-fedora-clang 0.1.6 50.39 NOTE
r-devel-linux-x86_64-fedora-gcc 0.1.6 38.06 NOTE
r-devel-windows-x86_64-new-UL 0.1.6 8.00 79.00 87.00 NOTE
r-devel-windows-x86_64-new-TK 0.1.6 NOTE
r-devel-windows-x86_64-old 0.1.6 4.00 38.00 42.00 NOTE
r-patched-linux-x86_64 0.1.6 2.63 26.34 28.97 NOTE
r-release-linux-x86_64 0.1.6 2.47 34.01 36.48 NOTE
r-release-macos-arm64 0.1.6 NOTE
r-release-macos-x86_64 0.1.6 NOTE
r-release-windows-ix86+x86_64 0.1.6 5.00 45.00 50.00 NOTE
r-oldrel-macos-x86_64 0.1.6 OK
r-oldrel-windows-ix86+x86_64 0.1.6 5.00 53.00 58.00 OK

Check Details

Version: 0.1.6
Check: LazyData
Result: NOTE
     'LazyData' is specified without a 'data' directory
Flavors: r-devel-linux-x86_64-debian-clang, r-devel-linux-x86_64-debian-gcc, r-devel-linux-x86_64-fedora-clang, r-devel-linux-x86_64-fedora-gcc, r-devel-windows-x86_64-new-UL, r-devel-windows-x86_64-new-TK, r-devel-windows-x86_64-old, r-patched-linux-x86_64, r-release-linux-x86_64, r-release-macos-arm64, r-release-macos-x86_64, r-release-windows-ix86+x86_64