CRAN Package Check Results for Package REDCapDM

Last updated on 2024-07-11 21:49:15 CEST.

Flavor Version Tinstall Tcheck Ttotal Status Flags
r-devel-linux-x86_64-debian-clang 0.9.9 9.13 114.33 123.46 OK
r-devel-linux-x86_64-debian-gcc 0.9.9 7.45 83.72 91.17 OK
r-devel-linux-x86_64-fedora-clang 0.9.9 154.35 NOTE
r-devel-linux-x86_64-fedora-gcc 0.9.9 169.73 NOTE
r-devel-windows-x86_64 0.9.9 8.00 102.00 110.00 OK
r-patched-linux-x86_64 0.9.9 6.38 106.70 113.08 OK
r-release-linux-x86_64 0.9.9 6.28 109.70 115.98 OK
r-release-macos-arm64 0.9.9 55.00 OK
r-release-macos-x86_64 0.9.9 105.00 OK
r-release-windows-x86_64 0.9.9 9.00 101.00 110.00 OK
r-oldrel-macos-arm64 0.9.9 67.00 OK
r-oldrel-macos-x86_64 0.9.9 141.00 OK
r-oldrel-windows-x86_64 0.9.9 11.00 126.00 137.00 OK

Check Details

Version: 0.9.9
Check: data for non-ASCII characters
Result: NOTE Note: found 1 marked UTF-8 string Flavors: r-devel-linux-x86_64-fedora-clang, r-devel-linux-x86_64-fedora-gcc