Last updated on 2023-12-10 19:49:23 CET.
Flavor | Version | Tinstall | Tcheck | Ttotal | Status | Flags |
---|---|---|---|---|---|---|
r-devel-linux-x86_64-debian-clang | 0.8.5 | 8.48 | 109.81 | 118.29 | OK | |
r-devel-linux-x86_64-debian-gcc | 0.8.5 | 7.62 | 84.48 | 92.10 | OK | |
r-devel-linux-x86_64-fedora-clang | 0.8.5 | 151.97 | NOTE | |||
r-devel-linux-x86_64-fedora-gcc | 0.8.5 | 156.66 | NOTE | |||
r-devel-windows-x86_64 | 0.8.5 | 9.00 | 99.00 | 108.00 | OK | |
r-patched-linux-x86_64 | 0.8.5 | 7.19 | 107.01 | 114.20 | OK | |
r-release-linux-x86_64 | 0.8.5 | 6.79 | 107.33 | 114.12 | OK | |
r-release-macos-arm64 | 0.8.5 | 63.00 | OK | |||
r-release-macos-x86_64 | 0.8.5 | 123.00 | OK | |||
r-release-windows-x86_64 | 0.8.5 | 8.00 | 124.00 | 132.00 | OK | |
r-oldrel-macos-arm64 | 0.8.5 | 60.00 | OK | |||
r-oldrel-macos-x86_64 | 0.8.0 | 72.00 | OK | |||
r-oldrel-windows-x86_64 | 0.8.0 | 8.00 | 107.00 | 115.00 | OK |
Version: 0.8.5
Check: data for non-ASCII characters
Result: NOTE
Note: found 1 marked UTF-8 string
Flavors: r-devel-linux-x86_64-fedora-clang, r-devel-linux-x86_64-fedora-gcc