CRAN Package Check Results for Package REST

Last updated on 2021-12-03 19:50:24 CET.

Flavor Version Tinstall Tcheck Ttotal Status Flags
r-devel-linux-x86_64-debian-clang 1.0.1 17.14 127.51 144.65 NOTE
r-devel-linux-x86_64-debian-gcc 1.0.1 14.31 96.89 111.20 NOTE
r-devel-linux-x86_64-fedora-clang 1.0.1 191.53 NOTE
r-devel-linux-x86_64-fedora-gcc 1.0.1 178.41 NOTE
r-devel-windows-x86_64-new-UL 1.0.1 29.00 195.00 224.00 NOTE
r-devel-windows-x86_64-new-TK 1.0.1 NOTE
r-devel-windows-x86_64-old 1.0.1 23.00 112.00 135.00 NOTE
r-patched-linux-x86_64 1.0.1 22.57 118.98 141.55 NOTE
r-release-linux-x86_64 1.0.1 17.23 120.34 137.57 NOTE
r-release-macos-arm64 1.0.1 NOTE
r-release-macos-x86_64 1.0.1 NOTE
r-release-windows-ix86+x86_64 1.0.1 32.00 142.00 174.00 NOTE
r-oldrel-macos-x86_64 1.0.1 NOTE
r-oldrel-windows-ix86+x86_64 1.0.1 36.00 146.00 182.00 NOTE

Check Details

Version: 1.0.1
Check: R code for possible problems
Result: NOTE
    GUI_template : onHelp: no visible global function definition for 'help'
    Undefined global functions or variables:
     help
    Consider adding
     importFrom("utils", "help")
    to your NAMESPACE file.
Flavors: r-devel-linux-x86_64-debian-clang, r-devel-linux-x86_64-debian-gcc, r-devel-linux-x86_64-fedora-clang, r-devel-linux-x86_64-fedora-gcc, r-devel-windows-x86_64-new-UL, r-devel-windows-x86_64-new-TK, r-devel-windows-x86_64-old, r-patched-linux-x86_64, r-release-linux-x86_64, r-release-macos-arm64, r-release-macos-x86_64, r-release-windows-ix86+x86_64, r-oldrel-macos-x86_64, r-oldrel-windows-ix86+x86_64