Last updated on 2023-02-06 19:54:33 CET.
Flavor | Version | Tinstall | Tcheck | Ttotal | Status | Flags |
---|---|---|---|---|---|---|
r-devel-linux-x86_64-debian-clang | 1.0-10 | 7.75 | 38.56 | 46.31 | WARN | |
r-devel-linux-x86_64-debian-gcc | 1.0-10 | 6.63 | 29.23 | 35.86 | OK | |
r-devel-linux-x86_64-fedora-clang | 1.0-10 | 66.08 | WARN | |||
r-devel-linux-x86_64-fedora-gcc | 1.0-10 | 57.62 | OK | |||
r-devel-windows-x86_64 | 1.0-10 | 28.00 | 89.00 | 117.00 | OK | |
r-patched-linux-x86_64 | 1.0-10 | 7.34 | 37.43 | 44.77 | OK | |
r-release-linux-x86_64 | 1.0-10 | 6.47 | 37.27 | 43.74 | OK | |
r-release-macos-arm64 | 1.0-10 | 25.00 | OK | |||
r-release-macos-x86_64 | 1.0-10 | 30.00 | OK | |||
r-release-windows-x86_64 | 1.0-10 | 25.00 | 96.00 | 121.00 | OK | |
r-oldrel-macos-arm64 | 1.0-10 | 26.00 | OK | |||
r-oldrel-macos-x86_64 | 1.0-10 | 33.00 | OK | |||
r-oldrel-windows-ix86+x86_64 | 1.0-10 | 25.00 | 94.00 | 119.00 | OK |
Version: 1.0-10
Check: whether package can be installed
Result: WARN
Found the following significant warnings:
pcg_basic.c:69:22: warning: a function declaration without a prototype is deprecated in all versions of C [-Wstrict-prototypes]
See ‘/home/hornik/tmp/R.check/r-devel-clang/Work/PKGS/RGBM.Rcheck/00install.out’ for details.
* used C compiler: ‘Debian clang version 15.0.6’
* used C++ compiler: ‘Debian clang version 15.0.6’
Flavor: r-devel-linux-x86_64-debian-clang
Version: 1.0-10
Check: whether package can be installed
Result: WARN
Found the following significant warnings:
pcg_basic.c:69:22: warning: a function declaration without a prototype is deprecated in all versions of C [-Wstrict-prototypes]
See ‘/data/gannet/ripley/R/packages/tests-clang/RGBM.Rcheck/00install.out’ for details.
* used C compiler: ‘clang version 15.0.7’
* used C++ compiler: ‘clang version 15.0.7’
Flavor: r-devel-linux-x86_64-fedora-clang