CRAN Package Check Results for Package RGCxGC

Last updated on 2025-01-25 19:48:56 CET.

Flavor Version Tinstall Tcheck Ttotal Status Flags
r-devel-linux-x86_64-debian-clang 1.2.0 8.24 100.33 108.57 OK
r-devel-linux-x86_64-debian-gcc 1.2.0 6.17 68.27 74.44 OK
r-devel-linux-x86_64-fedora-clang 1.2.0 183.42 OK
r-devel-linux-x86_64-fedora-gcc 1.2.0 190.38 OK
r-devel-windows-x86_64 1.2.0 10.00 125.00 135.00 OK
r-patched-linux-x86_64 1.2.0 8.23 95.57 103.80 OK
r-release-linux-x86_64 1.2.0 7.64 94.50 102.14 OK
r-release-macos-arm64 1.2.0 56.00 NOTE
r-release-macos-x86_64 1.2.0 87.00 NOTE
r-release-windows-x86_64 1.2.0 9.00 129.00 138.00 NOTE
r-oldrel-macos-arm64 1.2.0 64.00 NOTE
r-oldrel-macos-x86_64 1.2.0 100.00 NOTE
r-oldrel-windows-x86_64 1.2.0 12.00 153.00 165.00 NOTE

Check Details

Version: 1.2.0
Check: installed package size
Result: NOTE installed size is 5.4Mb sub-directories of 1Mb or more: data 1.9Mb doc 1.2Mb extdata 1.9Mb Flavors: r-release-macos-arm64, r-release-macos-x86_64, r-release-windows-x86_64, r-oldrel-macos-arm64, r-oldrel-macos-x86_64, r-oldrel-windows-x86_64