CRAN Package Check Results for Package RGoogleAnalyticsPremium

Last updated on 2025-01-17 21:49:44 CET.

Flavor Version Tinstall Tcheck Ttotal Status Flags
r-devel-linux-x86_64-debian-clang 0.1.1 3.18 26.14 29.32 OK
r-devel-linux-x86_64-debian-gcc 0.1.1 2.32 20.72 23.04 OK
r-devel-linux-x86_64-fedora-clang 0.1.1 47.41 OK
r-devel-linux-x86_64-fedora-gcc 0.1.1 48.74 OK
r-devel-windows-x86_64 0.1.1 5.00 47.00 52.00 OK
r-patched-linux-x86_64 0.1.1 3.14 25.33 28.47 NOTE
r-release-linux-x86_64 0.1.1 2.91 25.02 27.93 NOTE
r-release-macos-arm64 0.1.1 20.00 NOTE
r-release-macos-x86_64 0.1.1 26.00 NOTE
r-release-windows-x86_64 0.1.1 5.00 46.00 51.00 NOTE
r-oldrel-macos-arm64 0.1.1 19.00 NOTE
r-oldrel-macos-x86_64 0.1.1 25.00 NOTE
r-oldrel-windows-x86_64 0.1.1 6.00 51.00 57.00 NOTE

Check Details

Version: 0.1.1
Check: LazyData
Result: NOTE 'LazyData' is specified without a 'data' directory Flavors: r-patched-linux-x86_64, r-release-linux-x86_64, r-release-macos-arm64, r-release-macos-x86_64, r-release-windows-x86_64, r-oldrel-macos-arm64, r-oldrel-macos-x86_64, r-oldrel-windows-x86_64