CRAN Package Check Results for Package RGoogleFit

Last updated on 2024-03-03 19:56:33 CET.

Flavor Version Tinstall Tcheck Ttotal Status Flags
r-devel-linux-x86_64-debian-clang 0.4.0 3.16 32.00 35.16 NOTE
r-devel-linux-x86_64-debian-gcc 0.4.0 2.79 24.61 27.40 NOTE
r-devel-linux-x86_64-fedora-clang 0.4.0 42.84 NOTE
r-devel-linux-x86_64-fedora-gcc 0.4.0 41.46 NOTE
r-devel-windows-x86_64 0.4.0 4.00 47.00 51.00 NOTE
r-patched-linux-x86_64 0.4.0 3.12 31.31 34.43 NOTE
r-release-linux-x86_64 0.4.0 3.34 31.41 34.75 NOTE
r-release-macos-arm64 0.4.0 18.00 NOTE
r-release-macos-x86_64 0.4.0 25.00 NOTE
r-release-windows-x86_64 0.4.0 5.00 48.00 53.00 NOTE
r-oldrel-macos-arm64 0.4.0 19.00 NOTE
r-oldrel-windows-x86_64 0.4.0 6.00 53.00 59.00 NOTE

Check Details

Version: 0.4.0
Check: LazyData
Result: NOTE 'LazyData' is specified without a 'data' directory Flavors: r-devel-linux-x86_64-debian-clang, r-devel-linux-x86_64-debian-gcc, r-devel-linux-x86_64-fedora-clang, r-devel-linux-x86_64-fedora-gcc, r-devel-windows-x86_64, r-patched-linux-x86_64, r-release-linux-x86_64, r-release-macos-arm64, r-release-macos-x86_64, r-release-windows-x86_64, r-oldrel-macos-arm64, r-oldrel-windows-x86_64