CRAN Package Check Results for Package RItools

Last updated on 2021-11-28 19:49:03 CET.

Flavor Version Tinstall Tcheck Ttotal Status Flags
r-devel-linux-x86_64-debian-clang 0.1-17 NOTE
r-devel-linux-x86_64-debian-gcc 0.1-17 6.62 61.34 67.96 NOTE
r-devel-linux-x86_64-fedora-clang 0.1-17 116.42 NOTE
r-devel-linux-x86_64-fedora-gcc 0.1-17 104.50 NOTE
r-devel-windows-x86_64-new-UL 0.1-17 16.00 115.00 131.00 NOTE
r-devel-windows-x86_64-new-TK 0.1-17 NOTE
r-devel-windows-x86_64-old 0.1-17 9.00 105.00 114.00 OK
r-patched-linux-x86_64 0.1-17 8.88 74.09 82.97 NOTE
r-patched-solaris-x86 0.1-17 152.50 NOTE
r-release-linux-x86_64 0.1-17 8.06 75.65 83.71 NOTE
r-release-macos-arm64 0.1-17 OK
r-release-macos-x86_64 0.1-17 OK
r-release-windows-ix86+x86_64 0.1-17 19.00 75.00 94.00 OK
r-oldrel-macos-x86_64 0.1-17 OK
r-oldrel-windows-ix86+x86_64 0.1-17 15.00 100.00 115.00 OK

Check Details

Version: 0.1-17
Check: package dependencies
Result: NOTE
    Package suggested but not available for checking: 'RSVGTipsDevice'
Flavors: r-devel-linux-x86_64-debian-clang, r-devel-linux-x86_64-debian-gcc, r-devel-linux-x86_64-fedora-clang, r-devel-linux-x86_64-fedora-gcc, r-devel-windows-x86_64-new-UL, r-devel-windows-x86_64-new-TK, r-patched-linux-x86_64, r-patched-solaris-x86, r-release-linux-x86_64