CRAN Package Check Results for Package RJSONIO

Last updated on 2024-07-22 21:56:36 CEST.

Flavor Version Tinstall Tcheck Ttotal Status Flags
r-devel-linux-x86_64-debian-clang 1.3-1.9 21.13 45.71 66.84 NOTE
r-devel-linux-x86_64-debian-gcc 1.3-1.9 13.40 35.27 48.67 NOTE
r-devel-linux-x86_64-fedora-clang 1.3-1.9 111.00 NOTE
r-devel-linux-x86_64-fedora-gcc 1.3-1.9 96.26 NOTE
r-devel-windows-x86_64 1.3-1.9 33.00 74.00 107.00 NOTE
r-patched-linux-x86_64 1.3-1.9 18.56 44.33 62.89 OK
r-release-linux-x86_64 1.3-1.9 17.80 43.81 61.61 OK
r-release-macos-arm64 1.3-1.9 35.00 OK
r-release-macos-x86_64 1.3-1.9 47.00 OK
r-release-windows-x86_64 1.3-1.9 31.00 70.00 101.00 OK
r-oldrel-macos-arm64 1.3-1.9 40.00 OK
r-oldrel-macos-x86_64 1.3-1.9 76.00 OK
r-oldrel-windows-x86_64 1.3-1.9 37.00 77.00 114.00 OK

Check Details

Version: 1.3-1.9
Check: compiled code
Result: NOTE File ‘RJSONIO/libs/RJSONIO.so’: Found non-API call to R: ‘VECTOR_PTR’ Compiled code should not call non-API entry points in R. See ‘Writing portable packages’ in the ‘Writing R Extensions’ manual, and section ‘Moving into C API compliance’ for issues with the use of non-API entry points. Flavors: r-devel-linux-x86_64-debian-clang, r-devel-linux-x86_64-debian-gcc, r-devel-linux-x86_64-fedora-clang, r-devel-linux-x86_64-fedora-gcc

Version: 1.3-1.9
Check: compiled code
Result: NOTE File 'RJSONIO/libs/x64/RJSONIO.dll': Found non-API call to R: 'VECTOR_PTR' Compiled code should not call non-API entry points in R. See 'Writing portable packages' in the 'Writing R Extensions' manual, and section 'Moving into C API compliance' for issues with the use of non-API entry points. Flavor: r-devel-windows-x86_64