Last updated on 2022-06-28 21:51:31 CEST.
Flavor | Version | Tinstall | Tcheck | Ttotal | Status | Flags |
---|---|---|---|---|---|---|
r-devel-linux-x86_64-debian-clang | 1.3.3 | 93.09 | 101.88 | 194.97 | OK | |
r-devel-linux-x86_64-debian-gcc | 1.3.3 | 82.08 | 79.16 | 161.24 | OK | |
r-devel-linux-x86_64-fedora-clang | 1.3.3 | 274.14 | WARN | |||
r-devel-linux-x86_64-fedora-gcc | 1.3.3 | 301.07 | WARN | |||
r-devel-windows-x86_64 | 1.3.3 | 137.00 | 157.00 | 294.00 | OK | |
r-patched-linux-x86_64 | 1.3.3 | 88.09 | 98.35 | 186.44 | OK | |
r-release-linux-x86_64 | 1.3.3 | 100.18 | 97.94 | 198.12 | OK | |
r-release-macos-arm64 | 1.3.3 | 73.00 | NOTE | |||
r-release-macos-x86_64 | 1.3.3 | 94.00 | NOTE | |||
r-release-windows-x86_64 | 1.3.3 | 153.00 | 159.00 | 312.00 | OK | |
r-oldrel-macos-arm64 | 1.3.3 | 122.00 | NOTE | |||
r-oldrel-macos-x86_64 | 1.3.3 | 150.00 | NOTE | |||
r-oldrel-windows-ix86+x86_64 | 1.3.3 | 158.00 | 149.00 | 307.00 | OK |
Version: 1.3.3
Check: package dependencies
Result: WARN
Requires (indirectly) orphaned package: ‘gtools’
Flavors: r-devel-linux-x86_64-fedora-clang, r-devel-linux-x86_64-fedora-gcc
Version: 1.3.3
Check: dependencies in R code
Result: NOTE
Namespaces in Imports field not imported from:
‘Matrix’ ‘arules’ ‘pmml’ ‘rJava’
All declared Imports should be used.
Flavors: r-devel-linux-x86_64-fedora-clang, r-devel-linux-x86_64-fedora-gcc, r-release-macos-arm64, r-release-macos-x86_64, r-oldrel-macos-arm64, r-oldrel-macos-x86_64