CRAN Package Check Results for Package RKelly

Last updated on 2022-09-25 21:54:59 CEST.

Flavor Version Tinstall Tcheck Ttotal Status Flags
r-devel-linux-x86_64-debian-clang 1.0 1.59 25.97 27.56 NOTE
r-devel-linux-x86_64-debian-gcc 1.0 1.68 21.11 22.79 NOTE
r-devel-linux-x86_64-fedora-clang 1.0 48.05 NOTE
r-devel-linux-x86_64-fedora-gcc 1.0 47.20 NOTE
r-devel-windows-x86_64 1.0 6.00 56.00 62.00 NOTE
r-patched-linux-x86_64 1.0 1.98 25.68 27.66 NOTE
r-release-linux-x86_64 1.0 1.75 24.96 26.71 NOTE
r-release-macos-arm64 1.0 15.00 NOTE
r-release-macos-x86_64 1.0 22.00 NOTE
r-release-windows-x86_64 1.0 10.00 55.00 65.00 NOTE
r-oldrel-macos-arm64 1.0 19.00 NOTE
r-oldrel-macos-x86_64 1.0 31.00 NOTE
r-oldrel-windows-ix86+x86_64 1.0 7.00 51.00 58.00 NOTE

Check Details

Version: 1.0
Check: LazyData
Result: NOTE
     'LazyData' is specified without a 'data' directory
Flavors: r-devel-linux-x86_64-debian-clang, r-devel-linux-x86_64-debian-gcc, r-devel-linux-x86_64-fedora-clang, r-devel-linux-x86_64-fedora-gcc, r-devel-windows-x86_64, r-patched-linux-x86_64, r-release-linux-x86_64, r-release-macos-arm64, r-release-macos-x86_64, r-release-windows-x86_64, r-oldrel-macos-arm64, r-oldrel-macos-x86_64, r-oldrel-windows-ix86+x86_64