Last updated on 2023-02-07 19:58:20 CET.
Flavor | Version | Tinstall | Tcheck | Ttotal | Status | Flags |
---|---|---|---|---|---|---|
r-devel-linux-x86_64-debian-clang | 0.1.0 | 45.77 | 30.72 | 76.49 | NOTE | |
r-devel-linux-x86_64-debian-gcc | 0.1.0 | 36.13 | 24.53 | 60.66 | NOTE | |
r-devel-linux-x86_64-fedora-clang | 0.1.0 | 117.72 | NOTE | |||
r-devel-linux-x86_64-fedora-gcc | 0.1.0 | 112.93 | NOTE | |||
r-devel-windows-x86_64 | 0.1.0 | 79.00 | 92.00 | 171.00 | NOTE | |
r-patched-linux-x86_64 | 0.1.0 | 36.00 | 31.16 | 67.16 | OK | |
r-release-linux-x86_64 | 0.1.0 | 34.16 | 31.88 | 66.04 | OK | |
r-release-macos-arm64 | 0.1.0 | 30.00 | OK | |||
r-release-macos-x86_64 | 0.1.0 | 44.00 | OK | |||
r-release-windows-x86_64 | 0.1.0 | 55.00 | 94.00 | 149.00 | OK | |
r-oldrel-macos-arm64 | 0.1.0 | 29.00 | OK | |||
r-oldrel-macos-x86_64 | 0.1.0 | 43.00 | OK | |||
r-oldrel-windows-ix86+x86_64 | 0.1.0 | 115.00 | 103.00 | 218.00 | OK |
Version: 0.1.0
Check: C++ specification
Result: NOTE
Specified C++11: please update to current default of C++17
Flavors: r-devel-linux-x86_64-debian-clang, r-devel-linux-x86_64-debian-gcc, r-devel-linux-x86_64-fedora-clang, r-devel-windows-x86_64
Version: 0.1.0
Check: C++ specification
Result: NOTE
Specified C++11: please drop specification unless essential
Flavor: r-devel-linux-x86_64-fedora-gcc