Last updated on 2023-02-06 19:54:34 CET.
Flavor | Version | Tinstall | Tcheck | Ttotal | Status | Flags |
---|---|---|---|---|---|---|
r-devel-linux-x86_64-debian-clang | 1.0.1 | 48.09 | 39.95 | 88.04 | NOTE | |
r-devel-linux-x86_64-debian-gcc | 1.0.1 | 37.64 | 31.02 | 68.66 | NOTE | |
r-devel-linux-x86_64-fedora-clang | 1.0.1 | 130.16 | NOTE | |||
r-devel-linux-x86_64-fedora-gcc | 1.0.1 | 127.11 | NOTE | |||
r-devel-windows-x86_64 | 1.0.1 | 55.00 | 93.00 | 148.00 | NOTE | |
r-patched-linux-x86_64 | 1.0.1 | 41.61 | 39.74 | 81.35 | OK | |
r-release-linux-x86_64 | 1.0.1 | 41.35 | 40.05 | 81.40 | OK | |
r-release-macos-arm64 | 1.0.1 | 29.00 | OK | |||
r-release-macos-x86_64 | 1.0.1 | 46.00 | OK | |||
r-release-windows-x86_64 | 1.0.1 | 46.00 | 95.00 | 141.00 | OK | |
r-oldrel-macos-arm64 | 1.0.1 | 30.00 | OK | |||
r-oldrel-macos-x86_64 | 1.0.1 | 56.00 | OK | |||
r-oldrel-windows-ix86+x86_64 | 1.0.1 | 124.00 | 104.00 | 228.00 | OK |
Version: 1.0.1
Check: C++ specification
Result: NOTE
Specified C++11: please update to current default of C++17
Flavors: r-devel-linux-x86_64-debian-clang, r-devel-linux-x86_64-debian-gcc, r-devel-linux-x86_64-fedora-clang, r-devel-linux-x86_64-fedora-gcc, r-devel-windows-x86_64