CRAN Package Check Results for Package RNiftyReg

Last updated on 2024-02-28 19:49:47 CET.

Flavor Version Tinstall Tcheck Ttotal Status Flags
r-devel-linux-x86_64-debian-clang 2.8.1 558.01 62.97 620.98 OK
r-devel-linux-x86_64-debian-gcc 2.8.1 430.07 52.40 482.47 OK
r-devel-linux-x86_64-fedora-clang 2.8.1 905.41 NOTE
r-devel-linux-x86_64-fedora-gcc 2.8.1 1011.43 OK
r-devel-windows-x86_64 2.8.1 424.00 107.00 531.00 NOTE
r-patched-linux-x86_64 2.8.1 520.50 70.44 590.94 OK
r-release-linux-x86_64 2.8.1 547.11 67.95 615.06 OK
r-release-macos-arm64 2.8.1 146.00 NOTE
r-release-macos-x86_64 2.8.1 201.00 NOTE
r-release-windows-x86_64 2.8.1 534.00 116.00 650.00 NOTE
r-oldrel-macos-arm64 2.8.1 149.00 NOTE
r-oldrel-windows-x86_64 2.8.1 485.00 103.00 588.00 NOTE

Check Details

Version: 2.8.1
Check: installed package size
Result: NOTE installed size is 5.4Mb sub-directories of 1Mb or more: extdata 2.0Mb libs 3.2Mb Flavors: r-devel-linux-x86_64-fedora-clang, r-devel-windows-x86_64, r-release-macos-arm64, r-release-macos-x86_64, r-release-windows-x86_64, r-oldrel-macos-arm64, r-oldrel-windows-x86_64