CRAN Package Check Results for Package ROCket

Last updated on 2024-06-15 22:20:52 CEST.

Flavor Version Tinstall Tcheck Ttotal Status Flags
r-devel-linux-x86_64-debian-clang 1.0.1 2.79 32.21 35.00 NOTE
r-devel-linux-x86_64-debian-gcc 1.0.1 2.40 25.29 27.69 NOTE
r-devel-linux-x86_64-fedora-clang 1.0.1 46.28 NOTE
r-devel-linux-x86_64-fedora-gcc 1.0.1 42.48 NOTE
r-devel-windows-x86_64 1.0.1 3.00 45.00 48.00 NOTE
r-patched-linux-x86_64 1.0.1 3.92 31.06 34.98 NOTE
r-release-linux-x86_64 1.0.1 2.54 32.76 35.30 NOTE
r-release-macos-arm64 1.0.1 18.00 NOTE
r-release-macos-x86_64 1.0.1 25.00 NOTE
r-release-windows-x86_64 1.0.1 4.00 46.00 50.00 NOTE
r-oldrel-macos-arm64 1.0.1 20.00 NOTE
r-oldrel-macos-x86_64 1.0.1 24.00 NOTE
r-oldrel-windows-x86_64 1.0.1 5.00 49.00 54.00 NOTE

Check Details

Version: 1.0.1
Check: LazyData
Result: NOTE 'LazyData' is specified without a 'data' directory Flavors: r-devel-linux-x86_64-debian-clang, r-devel-linux-x86_64-debian-gcc, r-devel-linux-x86_64-fedora-clang, r-devel-linux-x86_64-fedora-gcc, r-devel-windows-x86_64, r-patched-linux-x86_64, r-release-linux-x86_64, r-release-macos-arm64, r-release-macos-x86_64, r-release-windows-x86_64, r-oldrel-macos-arm64, r-oldrel-macos-x86_64, r-oldrel-windows-x86_64