CRAN Package Check Results for Package ROpenWeatherMap

Last updated on 2021-11-29 19:51:43 CET.

Flavor Version Tinstall Tcheck Ttotal Status Flags
r-devel-linux-x86_64-debian-clang 1.1 2.84 26.41 29.25 NOTE
r-devel-linux-x86_64-debian-gcc 1.1 2.34 21.00 23.34 NOTE
r-devel-linux-x86_64-fedora-clang 1.1 46.65 NOTE
r-devel-linux-x86_64-fedora-gcc 1.1 35.57 NOTE
r-devel-windows-x86_64-new-UL 1.1 6.00 62.00 68.00 NOTE
r-devel-windows-x86_64-new-TK 1.1 NOTE
r-devel-windows-x86_64-old 1.1 4.00 32.00 36.00 NOTE
r-patched-linux-x86_64 1.1 2.76 26.17 28.93 NOTE
r-patched-solaris-x86 1.1 57.20 NOTE
r-release-linux-x86_64 1.1 2.72 25.87 28.59 NOTE
r-release-macos-arm64 1.1 NOTE
r-release-macos-x86_64 1.1 NOTE
r-release-windows-ix86+x86_64 1.1 6.00 33.00 39.00 NOTE
r-oldrel-macos-x86_64 1.1 OK
r-oldrel-windows-ix86+x86_64 1.1 5.00 32.00 37.00 OK

Check Details

Version: 1.1
Check: LazyData
Result: NOTE
     'LazyData' is specified without a 'data' directory
Flavors: r-devel-linux-x86_64-debian-clang, r-devel-linux-x86_64-debian-gcc, r-devel-linux-x86_64-fedora-clang, r-devel-linux-x86_64-fedora-gcc, r-devel-windows-x86_64-new-UL, r-devel-windows-x86_64-new-TK, r-devel-windows-x86_64-old, r-patched-linux-x86_64, r-patched-solaris-x86, r-release-linux-x86_64, r-release-macos-arm64, r-release-macos-x86_64, r-release-windows-ix86+x86_64