CRAN Package Check Results for Package RPPASPACE

Last updated on 2021-11-29 19:51:43 CET.

Flavor Version Tinstall Tcheck Ttotal Status Flags
r-devel-linux-x86_64-debian-clang 1.0.8 23.15 166.16 189.31 OK
r-devel-linux-x86_64-debian-gcc 1.0.8 19.22 124.43 143.65 OK
r-devel-linux-x86_64-fedora-clang 1.0.8 243.27 NOTE
r-devel-linux-x86_64-fedora-gcc 1.0.8 227.75 NOTE
r-devel-windows-x86_64-new-UL 1.0.8 44.00 233.00 277.00 OK
r-devel-windows-x86_64-new-TK 1.0.8 NOTE
r-devel-windows-x86_64-old 1.0.8 36.00 153.00 189.00 OK
r-patched-linux-x86_64 1.0.8 24.05 156.90 180.95 OK
r-patched-solaris-x86 1.0.8 299.90 NOTE
r-release-linux-x86_64 1.0.8 21.48 159.11 180.59 OK
r-release-macos-arm64 1.0.8 NOTE
r-release-macos-x86_64 1.0.8 NOTE
r-release-windows-ix86+x86_64 1.0.8 49.00 213.00 262.00 OK
r-oldrel-macos-x86_64 1.0.8 NOTE
r-oldrel-windows-ix86+x86_64 1.0.8 39.00 143.00 182.00 OK

Check Details

Version: 1.0.8
Check: dependencies in R code
Result: NOTE
    Namespaces in Imports field not imported from:
     ‘SparseM’ ‘nlme’ ‘timeDate’
     All declared Imports should be used.
Flavors: r-devel-linux-x86_64-fedora-clang, r-devel-linux-x86_64-fedora-gcc, r-devel-windows-x86_64-new-TK, r-patched-solaris-x86, r-release-macos-arm64, r-release-macos-x86_64, r-oldrel-macos-x86_64