Last updated on 2022-06-27 21:51:29 CEST.
Flavor | Version | Tinstall | Tcheck | Ttotal | Status | Flags |
---|---|---|---|---|---|---|
r-devel-linux-x86_64-debian-clang | 0.1.5 | 22.69 | 83.88 | 106.57 | OK | |
r-devel-linux-x86_64-debian-gcc | 0.1.5 | 19.30 | 62.72 | 82.02 | OK | |
r-devel-linux-x86_64-fedora-clang | 0.1.5 | 142.62 | NOTE | |||
r-devel-linux-x86_64-fedora-gcc | 0.1.5 | 144.69 | OK | |||
r-devel-windows-x86_64 | 0.1.5 | 30.00 | 128.00 | 158.00 | OK | |
r-patched-linux-x86_64 | 0.1.5 | 21.81 | 79.15 | 100.96 | OK | |
r-release-linux-x86_64 | 0.1.5 | 18.91 | 80.44 | 99.35 | OK | |
r-release-macos-arm64 | 0.1.5 | 39.00 | OK | |||
r-release-macos-x86_64 | 0.1.5 | 55.00 | OK | |||
r-release-windows-x86_64 | 0.1.5 | 26.00 | 129.00 | 155.00 | OK | |
r-oldrel-macos-arm64 | 0.1.5 | 48.00 | OK | |||
r-oldrel-macos-x86_64 | 0.1.5 | 50.00 | OK | |||
r-oldrel-windows-ix86+x86_64 | 0.1.5 | 58.00 | 150.00 | 208.00 | OK |
Version: 0.1.5
Check: Rd cross-references
Result: NOTE
Undeclared package ‘scalreg’ in Rd xrefs
Flavor: r-devel-linux-x86_64-fedora-clang