Last updated on 2022-05-27 21:51:32 CEST.
Flavor | Version | Tinstall | Tcheck | Ttotal | Status | Flags |
---|---|---|---|---|---|---|
r-devel-linux-x86_64-debian-clang | 1.1.0 | 2.82 | 94.08 | 96.90 | NOTE | |
r-devel-linux-x86_64-debian-gcc | 1.1.0 | 2.53 | 69.41 | 71.94 | NOTE | |
r-devel-linux-x86_64-fedora-clang | 1.1.0 | 116.39 | NOTE | |||
r-devel-linux-x86_64-fedora-gcc | 1.1.0 | 115.98 | NOTE | |||
r-devel-windows-x86_64 | 1.1.0 | 12.00 | 111.00 | 123.00 | NOTE | |
r-patched-linux-x86_64 | 1.1.0 | 3.58 | 91.49 | 95.07 | NOTE | |
r-release-linux-x86_64 | 1.1.0 | 3.99 | 89.52 | 93.51 | NOTE | |
r-release-macos-arm64 | 1.1.0 | 44.00 | NOTE | |||
r-release-macos-x86_64 | 1.1.0 | 77.00 | NOTE | |||
r-release-windows-x86_64 | 1.1.0 | 15.00 | 112.00 | 127.00 | NOTE | |
r-oldrel-macos-arm64 | 1.1.0 | 58.00 | NOTE | |||
r-oldrel-macos-x86_64 | 1.1.0 | 66.00 | NOTE | |||
r-oldrel-windows-ix86+x86_64 | 1.1.0 | 8.00 | 110.00 | 118.00 | NOTE |
Version: 1.1.0
Check: LazyData
Result: NOTE
'LazyData' is specified without a 'data' directory
Flavors: r-devel-linux-x86_64-debian-clang, r-devel-linux-x86_64-debian-gcc, r-devel-linux-x86_64-fedora-clang, r-devel-linux-x86_64-fedora-gcc, r-devel-windows-x86_64, r-patched-linux-x86_64, r-release-linux-x86_64, r-release-macos-arm64, r-release-macos-x86_64, r-release-windows-x86_64, r-oldrel-macos-arm64, r-oldrel-macos-x86_64, r-oldrel-windows-ix86+x86_64