CRAN Package Check Results for Package RSKC

Last updated on 2022-05-28 21:50:50 CEST.

Flavor Version Tinstall Tcheck Ttotal Status Flags
r-devel-linux-x86_64-debian-clang 2.4.2 6.02 52.11 58.13 OK
r-devel-linux-x86_64-debian-gcc 2.4.2 5.20 40.63 45.83 OK
r-devel-linux-x86_64-fedora-clang 2.4.2 70.82 NOTE
r-devel-linux-x86_64-fedora-gcc 2.4.2 69.17 NOTE
r-devel-windows-x86_64 2.4.2 21.00 66.00 87.00 OK
r-patched-linux-x86_64 2.4.2 7.02 49.50 56.52 OK
r-release-linux-x86_64 2.4.2 5.92 49.81 55.73 OK
r-release-macos-arm64 2.4.2 23.00 OK
r-release-macos-x86_64 2.4.2 33.00 OK
r-release-windows-x86_64 2.4.2 18.00 72.00 90.00 OK
r-oldrel-macos-arm64 2.4.2 28.00 OK
r-oldrel-macos-x86_64 2.4.2 41.00 OK
r-oldrel-windows-ix86+x86_64 2.4.2 15.00 79.00 94.00 OK

Check Details

Version: 2.4.2
Check: compiled code
Result: NOTE
    File ‘RSKC/libs/RSKC.so’:
     Found no calls to: ‘R_registerRoutines’, ‘R_useDynamicSymbols’
    
    It is good practice to register native routines and to disable symbol
    search.
    
    See ‘Writing portable packages’ in the ‘Writing R Extensions’ manual.
Flavors: r-devel-linux-x86_64-fedora-clang, r-devel-linux-x86_64-fedora-gcc