CRAN Package Check Results for Package RSqlParser

Last updated on 2021-11-29 19:51:43 CET.

Flavor Version Tinstall Tcheck Ttotal Status Flags
r-devel-linux-x86_64-debian-clang 1.5 2.05 24.59 26.64 NOTE
r-devel-linux-x86_64-debian-gcc 1.5 1.74 19.50 21.24 NOTE
r-devel-linux-x86_64-fedora-clang 1.5 44.96 NOTE
r-devel-linux-x86_64-fedora-gcc 1.5 33.10 NOTE
r-devel-windows-x86_64-new-UL 1.5 8.00 69.00 77.00 NOTE
r-devel-windows-x86_64-new-TK 1.5 NOTE
r-devel-windows-x86_64-old 1.5 5.00 35.00 40.00 NOTE
r-patched-linux-x86_64 1.5 1.84 23.21 25.05 NOTE
r-patched-solaris-x86 1.5 52.70 NOTE
r-release-linux-x86_64 1.5 1.95 23.41 25.36 NOTE
r-release-macos-arm64 1.5 NOTE
r-release-macos-x86_64 1.5 NOTE
r-release-windows-ix86+x86_64 1.5 5.00 49.00 54.00 NOTE
r-oldrel-macos-x86_64 1.5 OK
r-oldrel-windows-ix86+x86_64 1.5 4.00 38.00 42.00 OK

Check Details

Version: 1.5
Check: LazyData
Result: NOTE
     'LazyData' is specified without a 'data' directory
Flavors: r-devel-linux-x86_64-debian-clang, r-devel-linux-x86_64-debian-gcc, r-devel-linux-x86_64-fedora-clang, r-devel-linux-x86_64-fedora-gcc, r-devel-windows-x86_64-new-UL, r-devel-windows-x86_64-new-TK, r-devel-windows-x86_64-old, r-patched-linux-x86_64, r-patched-solaris-x86, r-release-linux-x86_64, r-release-macos-arm64, r-release-macos-x86_64, r-release-windows-ix86+x86_64