CRAN Package Check Results for Package RWekajars

Last updated on 2022-05-28 21:50:50 CEST.

Flavor Version Tinstall Tcheck Ttotal Status Flags
r-devel-linux-x86_64-debian-clang 3.9.3-2 4.99 37.42 42.41 OK
r-devel-linux-x86_64-debian-gcc 3.9.3-2 3.25 28.18 31.43 OK
r-devel-linux-x86_64-fedora-clang 3.9.3-2 49.37 NOTE
r-devel-linux-x86_64-fedora-gcc 3.9.3-2 49.47 OK
r-devel-windows-x86_64 3.9.3-2 11.00 46.00 57.00 NOTE
r-patched-linux-x86_64 3.9.3-2 4.29 36.00 40.29 OK
r-release-linux-x86_64 3.9.3-2 4.19 35.48 39.67 OK
r-release-macos-arm64 3.9.3-2 16.00 NOTE
r-release-macos-x86_64 3.9.3-2 25.00 NOTE
r-release-windows-x86_64 3.9.3-2 7.00 44.00 51.00 NOTE
r-oldrel-macos-arm64 3.9.3-2 25.00 NOTE
r-oldrel-macos-x86_64 3.9.3-2 30.00 NOTE
r-oldrel-windows-ix86+x86_64 3.9.3-2 9.00 41.00 50.00 NOTE

Check Details

Version: 3.9.3-2
Check: installed package size
Result: NOTE
     installed size is 10.8Mb
     sub-directories of 1Mb or more:
     java 10.7Mb
Flavors: r-devel-linux-x86_64-fedora-clang, r-devel-windows-x86_64, r-release-macos-arm64, r-release-macos-x86_64, r-release-windows-x86_64, r-oldrel-macos-arm64, r-oldrel-macos-x86_64, r-oldrel-windows-ix86+x86_64