CRAN Package Check Results for Package RWildbook

Last updated on 2024-03-03 19:56:34 CET.

Flavor Version Tinstall Tcheck Ttotal Status Flags
r-devel-linux-x86_64-debian-clang 0.9.3 9.47 120.65 130.12 OK
r-devel-linux-x86_64-debian-gcc 0.9.3 8.76 89.54 98.30 OK
r-devel-linux-x86_64-fedora-clang 0.9.3 171.96 NOTE
r-devel-linux-x86_64-fedora-gcc 0.9.3 170.03 NOTE
r-devel-windows-x86_64 0.9.3 11.00 102.00 113.00 OK
r-patched-linux-x86_64 0.9.3 11.74 116.99 128.73 OK
r-release-linux-x86_64 0.9.3 9.13 114.77 123.90 OK
r-release-macos-arm64 0.9.3 57.00 OK
r-release-macos-x86_64 0.9.3 85.00 OK
r-release-windows-x86_64 0.9.3 15.00 126.00 141.00 OK
r-oldrel-macos-arm64 0.9.3 43.00 NOTE
r-oldrel-windows-x86_64 0.9.3 16.00 130.00 146.00 OK

Check Details

Version: 0.9.3
Check: data for non-ASCII characters
Result: NOTE Note: found 6 marked UTF-8 strings Flavors: r-devel-linux-x86_64-fedora-clang, r-devel-linux-x86_64-fedora-gcc, r-oldrel-macos-arm64