Last updated on 2023-01-27 19:49:43 CET.
Flavor | Version | Tinstall | Tcheck | Ttotal | Status | Flags |
---|---|---|---|---|---|---|
r-devel-linux-x86_64-debian-clang | 0.9.3 | 12.15 | 110.99 | 123.14 | OK | |
r-devel-linux-x86_64-debian-gcc | 0.9.3 | 9.09 | 80.64 | 89.73 | OK | |
r-devel-linux-x86_64-fedora-clang | 0.9.3 | 157.49 | NOTE | |||
r-devel-linux-x86_64-fedora-gcc | 0.9.3 | 157.49 | NOTE | |||
r-devel-windows-x86_64 | 0.9.3 | 20.00 | 137.00 | 157.00 | OK | |
r-patched-linux-x86_64 | 0.9.3 | 10.77 | 104.23 | 115.00 | OK | |
r-release-linux-x86_64 | 0.9.3 | 8.07 | 102.41 | 110.48 | OK | |
r-release-macos-arm64 | 0.9.3 | 43.00 | NOTE | |||
r-release-macos-x86_64 | 0.9.3 | 76.00 | NOTE | |||
r-release-windows-x86_64 | 0.9.3 | 21.00 | 136.00 | 157.00 | OK | |
r-oldrel-macos-arm64 | 0.9.3 | 48.00 | NOTE | |||
r-oldrel-macos-x86_64 | 0.9.3 | 65.00 | NOTE | |||
r-oldrel-windows-ix86+x86_64 | 0.9.3 | 24.00 | 133.00 | 157.00 | OK |
Version: 0.9.3
Check: data for non-ASCII characters
Result: NOTE
Note: found 6 marked UTF-8 strings
Flavors: r-devel-linux-x86_64-fedora-clang, r-devel-linux-x86_64-fedora-gcc, r-release-macos-arm64, r-release-macos-x86_64, r-oldrel-macos-arm64, r-oldrel-macos-x86_64