CRAN Package Check Results for Package RZabbix

Last updated on 2021-11-29 19:51:44 CET.

Flavor Version Tinstall Tcheck Ttotal Status Flags
r-devel-linux-x86_64-debian-clang 0.1.0 2.03 21.51 23.54 NOTE
r-devel-linux-x86_64-debian-gcc 0.1.0 1.61 17.53 19.14 NOTE
r-devel-linux-x86_64-fedora-clang 0.1.0 40.42 NOTE
r-devel-linux-x86_64-fedora-gcc 0.1.0 29.21 NOTE
r-devel-windows-x86_64-new-UL 0.1.0 5.00 57.00 62.00 NOTE
r-devel-windows-x86_64-new-TK 0.1.0 NOTE
r-devel-windows-x86_64-old 0.1.0 3.00 33.00 36.00 NOTE
r-patched-linux-x86_64 0.1.0 5.50 20.90 26.40 NOTE
r-patched-solaris-x86 0.1.0 46.50 NOTE
r-release-linux-x86_64 0.1.0 1.95 20.94 22.89 NOTE
r-release-macos-arm64 0.1.0 NOTE
r-release-macos-x86_64 0.1.0 NOTE
r-release-windows-ix86+x86_64 0.1.0 4.00 29.00 33.00 NOTE
r-oldrel-macos-x86_64 0.1.0 OK
r-oldrel-windows-ix86+x86_64 0.1.0 4.00 28.00 32.00 OK

Check Details

Version: 0.1.0
Check: LazyData
Result: NOTE
     'LazyData' is specified without a 'data' directory
Flavors: r-devel-linux-x86_64-debian-clang, r-devel-linux-x86_64-debian-gcc, r-devel-linux-x86_64-fedora-clang, r-devel-linux-x86_64-fedora-gcc, r-devel-windows-x86_64-new-UL, r-devel-windows-x86_64-new-TK, r-devel-windows-x86_64-old, r-patched-linux-x86_64, r-patched-solaris-x86, r-release-linux-x86_64, r-release-macos-arm64, r-release-macos-x86_64, r-release-windows-ix86+x86_64