CRAN Package Check Results for Package RaMS

Last updated on 2024-02-23 19:48:56 CET.

Flavor Version Tinstall Tcheck Ttotal Status Flags
r-devel-linux-x86_64-debian-clang 1.3.4 NOTE
r-devel-linux-x86_64-debian-gcc 1.3.4 4.94 161.79 166.73 OK
r-devel-linux-x86_64-fedora-clang 1.3.4 290.74 NOTE
r-devel-linux-x86_64-fedora-gcc 1.3.4 288.55 OK
r-devel-windows-x86_64 1.3.4 6.00 199.00 205.00 OK
r-patched-linux-x86_64 1.3.4 7.34 209.30 216.64 OK
r-release-linux-x86_64 1.3.4 7.14 206.02 213.16 OK
r-release-macos-arm64 1.3.4 107.00 NOTE
r-release-macos-x86_64 1.3.4 291.00 NOTE
r-release-windows-x86_64 1.3.4 8.00 240.00 248.00 OK
r-oldrel-macos-arm64 1.3.4 110.00 NOTE
r-oldrel-windows-x86_64 1.3.4 8.00 235.00 243.00 OK

Check Details

Version: 1.3.4
Check: package dependencies
Result: NOTE Package suggested but not available for checking: ‘arrow’ Flavors: r-devel-linux-x86_64-debian-clang, r-devel-linux-x86_64-fedora-clang

Version: 1.3.4
Check: package dependencies
Result: NOTE Package suggested but not available for checking: ‘Spectra’ Flavors: r-release-macos-arm64, r-release-macos-x86_64, r-oldrel-macos-arm64