Last updated on 2023-02-01 19:54:18 CET.
Flavor | Version | Tinstall | Tcheck | Ttotal | Status | Flags |
---|---|---|---|---|---|---|
r-devel-linux-x86_64-debian-clang | 0.2.8 | 52.40 | 396.27 | 448.67 | NOTE | |
r-devel-linux-x86_64-debian-gcc | 0.2.8 | 40.33 | 283.36 | 323.69 | NOTE | |
r-devel-linux-x86_64-fedora-clang | 0.2.8 | 558.16 | NOTE | |||
r-devel-linux-x86_64-fedora-gcc | 0.2.8 | 562.92 | NOTE | |||
r-devel-windows-x86_64 | 0.2.8 | 102.00 | 590.00 | 692.00 | NOTE | |
r-patched-linux-x86_64 | 0.2.8 | 39.01 | 378.05 | 417.06 | OK | |
r-release-linux-x86_64 | 0.2.8 | 36.95 | 384.40 | 421.35 | OK | |
r-release-macos-arm64 | 0.2.8 | 229.00 | NOTE | |||
r-release-macos-x86_64 | 0.2.8 | 250.00 | NOTE | |||
r-release-windows-x86_64 | 0.2.8 | 100.00 | 644.00 | 744.00 | NOTE | |
r-oldrel-macos-arm64 | 0.2.8 | 210.00 | NOTE | |||
r-oldrel-macos-x86_64 | 0.2.8 | 247.00 | NOTE | |||
r-oldrel-windows-ix86+x86_64 | 0.2.8 | 114.00 | 765.00 | 879.00 | NOTE |
Version: 0.2.8
Check: C++ specification
Result: NOTE
Specified C++11: please update to current default of C++17
Flavors: r-devel-linux-x86_64-debian-clang, r-devel-linux-x86_64-debian-gcc, r-devel-linux-x86_64-fedora-clang, r-devel-linux-x86_64-fedora-gcc, r-devel-windows-x86_64
Version: 0.2.8
Check: package dependencies
Result: NOTE
Imports includes 25 non-default packages.
Importing from so many packages makes the package vulnerable to any of
them becoming unavailable. Move as many as possible to Suggests and
use conditionally.
Flavor: r-devel-linux-x86_64-fedora-clang
Version: 0.2.8
Check: installed package size
Result: NOTE
installed size is 9.7Mb
sub-directories of 1Mb or more:
data 2.1Mb
doc 6.6Mb
Flavors: r-devel-linux-x86_64-fedora-clang, r-devel-windows-x86_64, r-release-macos-arm64, r-release-macos-x86_64, r-release-windows-x86_64, r-oldrel-macos-arm64, r-oldrel-macos-x86_64, r-oldrel-windows-ix86+x86_64
Version: 0.2.8
Check: package dependencies
Result: NOTE
Package suggested but not available for checking: ‘slingshot’
Flavors: r-release-macos-arm64, r-release-macos-x86_64, r-oldrel-macos-arm64, r-oldrel-macos-x86_64