CRAN Package Check Results for Package RaceID

Last updated on 2021-06-21 21:51:32 CEST.

Flavor Version Tinstall Tcheck Ttotal Status Flags
r-devel-linux-x86_64-debian-clang 0.2.3 44.41 593.90 638.31 OK
r-devel-linux-x86_64-debian-gcc 0.2.3 31.31 407.42 438.73 OK
r-devel-linux-x86_64-fedora-clang 0.2.3 759.62 NOTE
r-devel-linux-x86_64-fedora-gcc 0.2.3 745.77 OK
r-devel-windows-x86_64 0.2.3 63.00 708.00 771.00 NOTE
r-devel-windows-x86_64-gcc10-UCRT 0.2.3 NOTE
r-patched-linux-x86_64 0.2.3 41.63 563.99 605.62 OK
r-patched-solaris-x86 0.2.3 1248.90 NOTE
r-release-linux-x86_64 0.2.3 32.57 559.33 591.90 OK
r-release-macos-arm64 0.2.3 NOTE
r-release-macos-x86_64 0.2.3 NOTE
r-release-windows-ix86+x86_64 0.2.3 104.00 882.00 986.00 NOTE
r-oldrel-macos-x86_64 0.2.3 NOTE

Check Details

Version: 0.2.3
Check: package dependencies
Result: NOTE
    Imports includes 22 non-default packages.
    Importing from so many packages makes the package vulnerable to any of
    them becoming unavailable. Move as many as possible to Suggests and
    use conditionally.
Flavor: r-devel-linux-x86_64-fedora-clang

Version: 0.2.3
Check: installed package size
Result: NOTE
     installed size is 9.7Mb
     sub-directories of 1Mb or more:
     data 2.1Mb
     doc 5.8Mb
     libs 1.1Mb
Flavors: r-devel-linux-x86_64-fedora-clang, r-devel-windows-x86_64, r-patched-solaris-x86, r-release-macos-arm64, r-release-macos-x86_64, r-release-windows-ix86+x86_64, r-oldrel-macos-x86_64

Version: 0.2.3
Check: package dependencies
Result: NOTE
    Packages suggested but not available for checking: 'batchelor', 'DESeq2'
Flavor: r-devel-windows-x86_64-gcc10-UCRT

Version: 0.2.3
Check: package dependencies
Result: NOTE
    Package suggested but not available for checking: ‘batchelor’
Flavors: r-patched-solaris-x86, r-release-macos-x86_64, r-oldrel-macos-x86_64

Version: 0.2.3
Check: package dependencies
Result: NOTE
    Packages suggested but not available for checking:
     'batchelor', 'DESeq2', 'SummarizedExperiment'
Flavor: r-release-macos-arm64