CRAN Package Check Results for Package Ravages

Last updated on 2021-05-17 21:49:47 CEST.

Flavor Version Tinstall Tcheck Ttotal Status Flags
r-devel-linux-x86_64-debian-clang 0.1.5 275.62 151.04 426.66 OK
r-devel-linux-x86_64-debian-gcc 0.1.5 192.27 122.02 314.29 OK
r-devel-linux-x86_64-fedora-clang 0.1.5 612.98 NOTE
r-devel-linux-x86_64-fedora-gcc 0.1.5 553.23 OK
r-devel-windows-ix86+x86_64 0.1.5 608.00 252.00 860.00 NOTE
r-devel-windows-x86_64-gcc10-UCRT 0.1.5 OK
r-patched-linux-x86_64 0.1.5 216.17 148.92 365.09 OK
r-patched-solaris-x86 0.1.5 646.50 NOTE
r-release-linux-x86_64 0.1.5 217.57 149.10 366.67 OK
r-release-macos-x86_64 0.1.5 NOTE
r-release-windows-ix86+x86_64 0.1.5 533.00 193.00 726.00 NOTE
r-oldrel-macos-x86_64 0.1.5 NOTE
r-oldrel-windows-ix86+x86_64 0.1.4 489.00 210.00 699.00 NOTE

Check Details

Version: 0.1.5
Check: installed package size
Result: NOTE
     installed size is 15.2Mb
     sub-directories of 1Mb or more:
     data 3.9Mb
     libs 10.9Mb
Flavors: r-devel-linux-x86_64-fedora-clang, r-devel-windows-ix86+x86_64, r-patched-solaris-x86, r-release-macos-x86_64, r-release-windows-ix86+x86_64, r-oldrel-macos-x86_64

Version: 0.1.4
Check: installed package size
Result: NOTE
     installed size is 6.6Mb
     sub-directories of 1Mb or more:
     data 3.8Mb
     libs 2.3Mb
Flavor: r-oldrel-windows-ix86+x86_64