CRAN Package Check Results for Package Rblpapi

Last updated on 2022-06-28 21:51:30 CEST.

Flavor Version Tinstall Tcheck Ttotal Status Flags
r-devel-linux-x86_64-debian-clang 0.3.13 136.58 34.60 171.18 NOTE
r-devel-linux-x86_64-debian-gcc 0.3.13 117.20 26.55 143.75 NOTE
r-devel-linux-x86_64-fedora-clang 0.3.13 296.63 NOTE
r-devel-linux-x86_64-fedora-gcc 0.3.13 255.09 NOTE
r-devel-windows-x86_64 0.3.13 134.00 163.00 297.00 NOTE
r-patched-linux-x86_64 0.3.13 127.45 32.67 160.12 NOTE
r-release-linux-x86_64 0.3.13 122.97 33.06 156.03 NOTE
r-release-macos-arm64 0.3.13 6.00 ERROR
r-release-macos-x86_64 0.3.13 85.00 NOTE
r-release-windows-x86_64 0.3.13 144.00 168.00 312.00 NOTE
r-oldrel-macos-arm64 0.3.13 8.00 ERROR
r-oldrel-macos-x86_64 0.3.13 87.00 NOTE
r-oldrel-windows-ix86+x86_64 0.3.13 365.00 135.00 500.00 NOTE

Check Details

Version: 0.3.13
Check: package dependencies
Result: NOTE
    Package suggested but not available for checking: 'fts'
Flavors: r-devel-linux-x86_64-debian-clang, r-devel-linux-x86_64-debian-gcc, r-devel-linux-x86_64-fedora-clang, r-devel-linux-x86_64-fedora-gcc, r-patched-linux-x86_64, r-release-linux-x86_64

Version: 0.3.13
Check: whether package can be installed
Result: NOTE
    Found the following notes/warnings:
     Non-staged installation was used
Flavors: r-devel-linux-x86_64-debian-clang, r-devel-linux-x86_64-debian-gcc, r-devel-linux-x86_64-fedora-clang, r-devel-linux-x86_64-fedora-gcc, r-devel-windows-x86_64, r-patched-linux-x86_64, r-release-linux-x86_64, r-release-macos-x86_64, r-release-windows-x86_64, r-oldrel-macos-x86_64, r-oldrel-windows-ix86+x86_64

Version: 0.3.13
Check: installed package size
Result: NOTE
     installed size is 12.8Mb
     sub-directories of 1Mb or more:
     blp 7.1Mb
     libs 4.7Mb
Flavors: r-devel-linux-x86_64-fedora-clang, r-devel-windows-x86_64, r-release-macos-x86_64, r-release-windows-x86_64, r-oldrel-macos-x86_64, r-oldrel-windows-ix86+x86_64

Version: 0.3.13
Check: whether package can be installed
Result: ERROR
    Installation failed.
Flavors: r-release-macos-arm64, r-oldrel-macos-arm64