CRAN Package Check Results for Package Rcan

Last updated on 2021-12-05 19:49:35 CET.

Flavor Version Tinstall Tcheck Ttotal Status Flags
r-devel-linux-x86_64-debian-clang 1.3.82 8.18 133.37 141.55 OK
r-devel-linux-x86_64-debian-gcc 1.3.82 6.07 99.00 105.07 OK
r-devel-linux-x86_64-fedora-clang 1.3.82 156.51 NOTE
r-devel-linux-x86_64-fedora-gcc 1.3.82 137.45 NOTE
r-devel-windows-x86_64-new-UL 1.3.82 17.00 157.00 174.00 OK
r-devel-windows-x86_64-new-TK 1.3.82 NOTE
r-devel-windows-x86_64-old 1.3.82 13.00 97.00 110.00 OK
r-patched-linux-x86_64 1.3.82 8.17 106.52 114.69 OK
r-release-linux-x86_64 1.3.82 7.08 113.51 120.59 OK
r-release-macos-arm64 1.3.82 NOTE
r-release-macos-x86_64 1.3.82 NOTE
r-release-windows-ix86+x86_64 1.3.82 17.00 141.00 158.00 OK
r-oldrel-macos-x86_64 1.3.82 NOTE
r-oldrel-windows-ix86+x86_64 1.3.82 17.00 133.00 150.00 OK

Check Details

Version: 1.3.82
Check: data for non-ASCII characters
Result: NOTE
     Note: found 26334 marked UTF-8 strings
Flavors: r-devel-linux-x86_64-fedora-clang, r-devel-linux-x86_64-fedora-gcc, r-devel-windows-x86_64-new-TK, r-release-macos-arm64, r-release-macos-x86_64, r-oldrel-macos-x86_64