CRAN Package Check Results for Package Rcatch22

Last updated on 2021-12-06 19:50:49 CET.

Flavor Version Tinstall Tcheck Ttotal Status Flags
r-devel-linux-x86_64-debian-clang 0.1.13 22.25 38.35 60.60 OK
r-devel-linux-x86_64-debian-gcc 0.1.13 14.64 30.99 45.63 OK
r-devel-linux-x86_64-fedora-clang 0.1.13 85.68 NOTE
r-devel-linux-x86_64-fedora-gcc 0.1.13 67.86 NOTE
r-devel-windows-x86_64-new-UL 0.1.13 57.00 106.00 163.00 OK
r-devel-windows-x86_64-new-TK 0.1.13 NOTE
r-devel-windows-x86_64-old 0.1.13 37.00 53.00 90.00 OK
r-patched-linux-x86_64 0.1.13 20.53 29.01 49.54 OK
r-release-linux-x86_64 0.1.13 17.91 37.60 55.51 OK
r-release-macos-arm64 0.1.13 NOTE
r-release-macos-x86_64 0.1.13 NOTE
r-release-windows-ix86+x86_64 0.1.13 71.00 76.00 147.00 OK
r-oldrel-macos-x86_64 0.1.13 NOTE
r-oldrel-windows-ix86+x86_64 0.1.13 70.00 79.00 149.00 OK

Check Details

Version: 0.1.13
Check: dependencies in R code
Result: NOTE
    Namespace in Imports field not imported from: ‘stats’
     All declared Imports should be used.
Flavors: r-devel-linux-x86_64-fedora-clang, r-devel-linux-x86_64-fedora-gcc, r-devel-windows-x86_64-new-TK, r-release-macos-arm64, r-release-macos-x86_64, r-oldrel-macos-x86_64