CRAN Package Check Results for Package RcmdrPlugin.PcaRobust

Last updated on 2021-05-05 22:51:46 CEST.

Flavor Version Tinstall Tcheck Ttotal Status Flags
r-devel-linux-x86_64-debian-clang 1.1.4 17.92 133.61 151.53 NOTE
r-devel-linux-x86_64-debian-gcc 1.1.4 13.82 98.66 112.48 NOTE
r-devel-linux-x86_64-fedora-clang 1.1.4 212.36 NOTE
r-devel-linux-x86_64-fedora-gcc 1.1.4 185.04 NOTE
r-devel-windows-ix86+x86_64 1.1.4 41.00 110.00 151.00 NOTE
r-devel-windows-x86_64-gcc10-UCRT 1.1.4 NOTE
r-patched-linux-x86_64 1.1.4 17.02 128.09 145.11 NOTE
r-patched-solaris-x86 1.1.4 289.00 OK
r-release-linux-x86_64 1.1.4 17.59 126.27 143.86 OK
r-release-macos-x86_64 1.1.4 OK
r-release-windows-ix86+x86_64 1.1.4 28.00 124.00 152.00 OK
r-oldrel-macos-x86_64 1.1.4 FAIL
r-oldrel-windows-ix86+x86_64 1.1.4 34.00 140.00 174.00 OK

Check Details

Version: 1.1.4
Check: LazyData
Result: NOTE
     'LazyData' is specified without a 'data' directory
Flavors: r-devel-linux-x86_64-debian-clang, r-devel-linux-x86_64-debian-gcc, r-devel-linux-x86_64-fedora-clang, r-devel-linux-x86_64-fedora-gcc, r-devel-windows-ix86+x86_64, r-devel-windows-x86_64-gcc10-UCRT, r-patched-linux-x86_64

Version: 1.1.4
Check: whether package can be installed
Result: FAIL
Flavor: r-oldrel-macos-x86_64