CRAN Package Check Results for Package RcmdrPlugin.pointG

Last updated on 2021-04-20 21:51:50 CEST.

Flavor Version Tinstall Tcheck Ttotal Status Flags
r-devel-linux-x86_64-debian-clang 0.6.6 20.01 145.14 165.15 NOTE
r-devel-linux-x86_64-debian-gcc 0.6.6 15.94 110.05 125.99 NOTE
r-devel-linux-x86_64-fedora-clang 0.6.6 213.14 NOTE
r-devel-linux-x86_64-fedora-gcc 0.6.6 203.14 NOTE
r-devel-windows-ix86+x86_64 0.6.6 41.00 123.00 164.00 NOTE
r-devel-windows-x86_64-gcc10-UCRT 0.6.6 NOTE
r-patched-linux-x86_64 0.6.6 21.09 135.45 156.54 WARN
r-patched-solaris-x86 0.6.6 324.10 NOTE
r-release-linux-x86_64 0.6.6 21.88 133.98 155.86 NOTE
r-release-macos-x86_64 0.6.6 NOTE
r-release-windows-ix86+x86_64 0.6.6 41.00 132.00 173.00 NOTE
r-oldrel-macos-x86_64 0.6.6 NOTE
r-oldrel-windows-ix86+x86_64 0.6.6 37.00 158.00 195.00 NOTE

Check Details

Version: 0.6.6
Check: R code for possible problems
Result: NOTE
    Summaryfactor0: no visible global function definition for 'na.omit'
    Summarynumeric0: no visible global function definition for 'na.omit'
    Summarynumeric0: no visible global function definition for 'sd'
    Summaryordered0: no visible global function definition for 'na.omit'
    Yule01: no visible global function definition for 'chisq.test'
    Yule02: no visible global function definition for 'chisq.test'
    Yule04: no visible global function definition for 'na.omit'
    Yule04: no visible global function definition for 'dotchart'
    Yule04: no visible global function definition for 'abline'
    Yule04: no visible global function definition for 'segments'
    bigraphe0: no visible global function definition for 'chisq.test'
    bigraphe0: no visible global function definition for 'lm'
    bigraphe0: no visible global function definition for 'pf'
    bigraphe0: no visible global function definition for 'qgraph'
    bisummarize0: no visible global function definition for 'chisq.test'
    bisummarize0: no visible global function definition for 'dudi.coa'
    bisummarize0: no visible global function definition for 'lm'
    bisummarize0: no visible global function definition for 'pf'
    bivariate0: no visible global function definition for 'dev.new'
    bivariate0: no visible global function definition for 'par'
    bivariate0: no visible global function definition for 'n2mfrow'
    bivariate0: no visible global function definition for 'mosaicplot'
    bivariate0: no visible global function definition for 'boxplot'
    bref.variable0: no visible global function definition for 'na.omit'
    chalandise.DEP0: no visible global function definition for 'map'
    chalandise.DEP0: no visible global function definition for 'symbols'
    cohenW: no visible global function definition for 'chisq.test'
    cramerV: no visible global function definition for 'chisq.test'
    histbackback0: no visible global function definition for 'hist'
    histbackback0: no visible global function definition for 'barplot'
    histbackback0: no visible global function definition for 'par'
    histbackback0: no visible global function definition for 'mgp.axis'
    histbackback0: no visible global function definition for 'title'
    histbackback0: no visible global function definition for 'abline'
    histbackback0: no visible global function definition for 'box'
    mapAFC: no visible global function definition for 'scatter'
    mapAFC: no visible global function definition for 'dudi.coa'
    multivariate0: no visible global function definition for 'na.omit'
    multivariate0: no visible global function definition for 'dudi.mix'
    multivariate0: no visible global function definition for 'dev.new'
    multivariate0: no visible global function definition for 'barplot'
    plotCat2: no visible global function definition for 'dev.new'
    plotCat2: no visible global function definition for 'n2mfrow'
    plotCat2: no visible global function definition for 'par'
    plotCat2: no visible global function definition for 's.class'
    plotLikert0: no visible global function definition for 'dotchart'
    plotLikert1: no visible global function definition for 'trellis.device'
    plotLikert1: no visible global function definition for 'dotplot'
    plotLikert1: no visible global function definition for 'simpleKey'
    plotLikert1: no visible global function definition for 'reorder'
    plotMissing: no visible global function definition for 'whatis'
    plotMissing: no visible global function definition for 'dotchart'
    plotNum: no visible global function definition for 'dev.new'
    plotNum: no visible global function definition for 's.corcircle'
    plotNum: no visible global function definition for 'cor'
    plotTabCont0: no visible global function definition for 'barplot'
    plotTabCont0: no visible global function definition for 'devAskNewPage'
    plotTabCont0: no visible global function definition for 'assoc'
    plotTabCont0: no visible binding for global variable 'shading_hcl'
    plotTabCont0: no visible global function definition for 'mosaicplot'
    plotTabCont0: no visible global function definition for 'biplot'
    plotTabCont0: no visible global function definition for 'corresp'
    pyramide0: no visible global function definition for 'na.omit'
    sortAnova: no visible global function definition for 'Anova'
    statLikert1: no visible global function definition for 'aov'
    statMissing: no visible global function definition for 'whatis'
    univariate0: no visible global function definition for 'dev.new'
    univariate0: no visible global function definition for 'par'
    univariate0: no visible global function definition for 'n2mfrow'
    univariate0: no visible global function definition for 'barplot'
    univariate0: no visible global function definition for 'pie'
    univariate0: no visible global function definition for 'dotchart'
    univariate0: no visible global function definition for 'hist'
    univariate0: no visible global function definition for 'axis'
    vpAFC: no visible global function definition for 'dudi.coa'
    Undefined global functions or variables:
     Anova abline aov assoc axis barplot biplot box boxplot chisq.test cor
     corresp dev.new devAskNewPage dotchart dotplot dudi.coa dudi.mix hist
     lm map mgp.axis mosaicplot n2mfrow na.omit par pf pie qgraph reorder
     s.class s.corcircle scatter sd segments shading_hcl simpleKey symbols
     title trellis.device whatis
    Consider adding
     importFrom("grDevices", "dev.new", "devAskNewPage", "n2mfrow")
     importFrom("graphics", "abline", "axis", "barplot", "box", "boxplot",
     "dotchart", "hist", "mosaicplot", "par", "pie", "segments",
     "symbols", "title")
     importFrom("stats", "aov", "biplot", "chisq.test", "cor", "lm",
     "na.omit", "pf", "reorder", "sd")
    to your NAMESPACE file.
Flavors: r-devel-linux-x86_64-debian-clang, r-devel-linux-x86_64-debian-gcc, r-devel-linux-x86_64-fedora-clang, r-devel-linux-x86_64-fedora-gcc, r-devel-windows-ix86+x86_64, r-devel-windows-x86_64-gcc10-UCRT, r-patched-linux-x86_64, r-patched-solaris-x86, r-release-linux-x86_64, r-release-macos-x86_64, r-release-windows-ix86+x86_64

Version: 0.6.6
Check: whether package can be installed
Result: WARN
    Found the following significant warnings:
     Rd warning: /tmp/RtmppEZ589/R.INSTALL109534914123/RcmdrPlugin.pointG/man/RcmdrPlugin.pointG-package.Rd:29: file link ‘Rcmdr’ in package ‘Rcmdr’ does not exist and so has been treated as a topic
Flavor: r-patched-linux-x86_64

Version: 0.6.6
Check: R code for possible problems
Result: NOTE
    Summaryfactor0: no visible global function definition for ‘na.omit’
    Summarynumeric0: no visible global function definition for ‘na.omit’
    Summarynumeric0: no visible global function definition for ‘sd’
    Summaryordered0: no visible global function definition for ‘na.omit’
    Yule01: no visible global function definition for ‘chisq.test’
    Yule02: no visible global function definition for ‘chisq.test’
    Yule04: no visible global function definition for ‘na.omit’
    Yule04: no visible global function definition for ‘dotchart’
    Yule04: no visible global function definition for ‘abline’
    Yule04: no visible global function definition for ‘segments’
    bigraphe0: no visible global function definition for ‘chisq.test’
    bigraphe0: no visible global function definition for ‘lm’
    bigraphe0: no visible global function definition for ‘pf’
    bigraphe0: no visible global function definition for ‘qgraph’
    bisummarize0: no visible global function definition for ‘chisq.test’
    bisummarize0: no visible global function definition for ‘dudi.coa’
    bisummarize0: no visible global function definition for ‘lm’
    bisummarize0: no visible global function definition for ‘pf’
    bivariate0: no visible global function definition for ‘dev.new’
    bivariate0: no visible global function definition for ‘par’
    bivariate0: no visible global function definition for ‘n2mfrow’
    bivariate0: no visible global function definition for ‘mosaicplot’
    bivariate0: no visible global function definition for ‘plot’
    bivariate0: no visible global function definition for ‘boxplot’
    bref.variable0: no visible global function definition for ‘na.omit’
    chalandise.DEP0: no visible global function definition for ‘map’
    chalandise.DEP0: no visible global function definition for ‘symbols’
    cohenW: no visible global function definition for ‘chisq.test’
    cramerV: no visible global function definition for ‘chisq.test’
    histbackback0: no visible global function definition for ‘hist’
    histbackback0: no visible global function definition for ‘barplot’
    histbackback0: no visible global function definition for ‘par’
    histbackback0: no visible global function definition for ‘mgp.axis’
    histbackback0: no visible global function definition for ‘title’
    histbackback0: no visible global function definition for ‘abline’
    histbackback0: no visible global function definition for ‘box’
    mapAFC: no visible global function definition for ‘scatter’
    mapAFC: no visible global function definition for ‘dudi.coa’
    multivariate0: no visible global function definition for ‘na.omit’
    multivariate0: no visible global function definition for ‘dudi.mix’
    multivariate0: no visible global function definition for ‘dev.new’
    multivariate0: no visible global function definition for ‘barplot’
    plotCat2: no visible global function definition for ‘dev.new’
    plotCat2: no visible global function definition for ‘n2mfrow’
    plotCat2: no visible global function definition for ‘par’
    plotCat2: no visible global function definition for ‘s.class’
    plotLikert0: no visible global function definition for ‘dotchart’
    plotLikert1: no visible global function definition for ‘trellis.device’
    plotLikert1: no visible global function definition for ‘dotplot’
    plotLikert1: no visible global function definition for ‘simpleKey’
    plotLikert1: no visible global function definition for ‘reorder’
    plotMissing: no visible global function definition for ‘whatis’
    plotMissing: no visible global function definition for ‘dotchart’
    plotNum: no visible global function definition for ‘dev.new’
    plotNum: no visible global function definition for ‘s.corcircle’
    plotNum: no visible global function definition for ‘cor’
    plotTabCont0: no visible global function definition for ‘barplot’
    plotTabCont0: no visible global function definition for ‘devAskNewPage’
    plotTabCont0: no visible global function definition for ‘assoc’
    plotTabCont0: no visible binding for global variable ‘shading_hcl’
    plotTabCont0: no visible global function definition for ‘mosaicplot’
    plotTabCont0: no visible global function definition for ‘biplot’
    plotTabCont0: no visible global function definition for ‘corresp’
    pyramide0: no visible global function definition for ‘na.omit’
    sortAnova: no visible global function definition for ‘Anova’
    statLikert1: no visible global function definition for ‘aov’
    statMissing: no visible global function definition for ‘whatis’
    univariate0: no visible global function definition for ‘dev.new’
    univariate0: no visible global function definition for ‘par’
    univariate0: no visible global function definition for ‘n2mfrow’
    univariate0: no visible global function definition for ‘barplot’
    univariate0: no visible global function definition for ‘pie’
    univariate0: no visible global function definition for ‘dotchart’
    univariate0: no visible global function definition for ‘hist’
    univariate0: no visible global function definition for ‘plot’
    univariate0: no visible global function definition for ‘axis’
    vpAFC: no visible global function definition for ‘dudi.coa’
    Undefined global functions or variables:
     Anova abline aov assoc axis barplot biplot box boxplot chisq.test cor
     corresp dev.new devAskNewPage dotchart dotplot dudi.coa dudi.mix hist
     lm map mgp.axis mosaicplot n2mfrow na.omit par pf pie plot qgraph
     reorder s.class s.corcircle scatter sd segments shading_hcl simpleKey
     symbols title trellis.device whatis
    Consider adding
     importFrom("grDevices", "dev.new", "devAskNewPage", "n2mfrow")
     importFrom("graphics", "abline", "axis", "barplot", "box", "boxplot",
     "dotchart", "hist", "mosaicplot", "par", "pie", "plot",
     "segments", "symbols", "title")
     importFrom("stats", "aov", "biplot", "chisq.test", "cor", "lm",
     "na.omit", "pf", "reorder", "sd")
    to your NAMESPACE file.
Flavors: r-oldrel-macos-x86_64, r-oldrel-windows-ix86+x86_64