Last updated on 2022-05-25 21:53:08 CEST.
Flavor | Version | Tinstall | Tcheck | Ttotal | Status | Flags |
---|---|---|---|---|---|---|
r-devel-linux-x86_64-debian-clang | 0.7.10 | 36.04 | 229.13 | 265.17 | NOTE | |
r-devel-linux-x86_64-debian-gcc | 0.7.10 | 27.60 | 170.54 | 198.14 | NOTE | |
r-devel-linux-x86_64-fedora-clang | 0.7.10 | 350.85 | NOTE | |||
r-devel-linux-x86_64-fedora-gcc | 0.7.10 | 329.68 | NOTE | |||
r-devel-windows-x86_64 | 0.7.10 | 120.00 | 212.00 | 332.00 | NOTE | |
r-patched-linux-x86_64 | 0.7.10 | 44.97 | 223.59 | 268.56 | NOTE | |
r-release-linux-x86_64 | 0.7.10 | NOTE | ||||
r-release-macos-arm64 | 0.7.10 | 127.00 | NOTE | |||
r-release-macos-x86_64 | 0.7.10 | 307.00 | NOTE | |||
r-release-windows-x86_64 | 0.7.10 | 167.00 | 192.00 | 359.00 | NOTE | |
r-oldrel-macos-arm64 | 0.7.10 | 146.00 | NOTE | |||
r-oldrel-macos-x86_64 | 0.7.10 | 191.00 | NOTE | |||
r-oldrel-windows-ix86+x86_64 | 0.7.10 | 53.00 | 199.00 | 252.00 | NOTE |
Version: 0.7.10
Check: package dependencies
Result: NOTE
Package suggested but not available for checking: 'ROpenOffice'
Flavors: r-devel-linux-x86_64-debian-clang, r-devel-linux-x86_64-debian-gcc, r-devel-linux-x86_64-fedora-clang, r-devel-linux-x86_64-fedora-gcc, r-devel-windows-x86_64, r-patched-linux-x86_64, r-release-linux-x86_64, r-release-macos-arm64, r-release-macos-x86_64, r-release-windows-x86_64, r-oldrel-macos-x86_64, r-oldrel-windows-ix86+x86_64
Version: 0.7.10
Check: package dependencies
Result: NOTE
Packages suggested but not available for checking: 'ROpenOffice', 'RODBC'
Flavor: r-oldrel-macos-arm64