CRAN Package Check Results for Package RcppAlgos

Last updated on 2022-01-24 20:18:00 CET.

Flavor Version Tinstall Tcheck Ttotal Status Flags
r-devel-linux-x86_64-debian-clang 2.4.3 397.92 108.49 506.41 OK
r-devel-linux-x86_64-debian-gcc 2.4.3 280.11 83.78 363.89 OK
r-devel-linux-x86_64-fedora-clang 2.4.3 793.48 NOTE
r-devel-linux-x86_64-fedora-gcc 2.4.3 673.36 OK
r-devel-windows-x86_64-new-UL 2.4.3 381.00 178.00 559.00 OK
r-devel-windows-x86_64-new-TK 2.4.3 OK
r-patched-linux-x86_64 2.4.3 329.82 108.81 438.63 OK
r-release-linux-x86_64 2.4.3 321.20 106.62 427.82 OK
r-release-macos-arm64 2.4.3 NOTE
r-release-macos-x86_64 2.4.3 NOTE
r-release-windows-ix86+x86_64 2.4.3 910.00 235.00 1145.00 NOTE
r-oldrel-macos-x86_64 2.4.3 NOTE
r-oldrel-windows-ix86+x86_64 2.4.3 906.00 237.00 1143.00 NOTE

Check Details

Version: 2.4.3
Check: installed package size
Result: NOTE
     installed size is 21.7Mb
     sub-directories of 1Mb or more:
     libs 20.3Mb
Flavors: r-devel-linux-x86_64-fedora-clang, r-release-macos-arm64, r-release-macos-x86_64, r-release-windows-ix86+x86_64, r-oldrel-macos-x86_64, r-oldrel-windows-ix86+x86_64