CRAN Package Check Results for Package RcppArmadillo

Last updated on 2021-01-26 19:47:41 CET.

Flavor Version Tinstall Tcheck Ttotal Status Flags
r-devel-linux-x86_64-debian-clang 0.10.1.2.2 51.38 47.54 98.92 OK
r-devel-linux-x86_64-debian-gcc 0.10.1.2.2 32.02 36.72 68.74 OK
r-devel-linux-x86_64-fedora-clang 0.10.1.2.2 136.61 NOTE
r-devel-linux-x86_64-fedora-gcc 0.10.1.2.2 119.25 OK
r-devel-windows-ix86+x86_64 0.10.1.2.2 111.00 493.00 604.00 NOTE
r-patched-linux-x86_64 0.10.1.2.2 40.80 45.64 86.44 OK
r-patched-solaris-x86 0.10.1.2.2 267.70 NOTE
r-release-linux-x86_64 0.10.1.2.2 40.47 46.14 86.61 OK
r-release-macos-x86_64 0.10.1.2.2 NOTE
r-release-windows-ix86+x86_64 0.10.1.2.2 111.00 380.00 491.00 NOTE
r-oldrel-macos-x86_64 0.10.1.2.2 NOTE
r-oldrel-windows-ix86+x86_64 0.10.1.2.2 79.00 427.00 506.00 NOTE

Check Details

Version: 0.10.1.2.2
Check: installed package size
Result: NOTE
     installed size is 9.1Mb
     sub-directories of 1Mb or more:
     include 6.0Mb
     libs 1.9Mb
Flavors: r-devel-linux-x86_64-fedora-clang, r-devel-windows-ix86+x86_64, r-patched-solaris-x86, r-release-macos-x86_64, r-release-windows-ix86+x86_64, r-oldrel-macos-x86_64, r-oldrel-windows-ix86+x86_64