CRAN Package Check Results for Package RcppDE

Last updated on 2024-02-24 19:50:50 CET.

Flavor Version Tinstall Tcheck Ttotal Status Flags
r-devel-linux-x86_64-debian-clang 0.1.7 66.86 48.39 115.25 NOTE
r-devel-linux-x86_64-debian-gcc 0.1.7 47.99 38.44 86.43 NOTE
r-devel-linux-x86_64-fedora-clang 0.1.7 160.89 NOTE
r-devel-linux-x86_64-fedora-gcc 0.1.7 166.49 NOTE
r-devel-windows-x86_64 0.1.7 48.00 103.00 151.00 NOTE
r-patched-linux-x86_64 0.1.7 60.07 47.96 108.03 NOTE
r-release-linux-x86_64 0.1.7 65.18 47.75 112.93 NOTE
r-release-macos-arm64 0.1.7 42.00 NOTE
r-release-macos-x86_64 0.1.7 81.00 NOTE
r-release-windows-x86_64 0.1.7 59.00 104.00 163.00 NOTE
r-oldrel-macos-arm64 0.1.7 44.00 OK
r-oldrel-windows-x86_64 0.1.7 59.00 103.00 162.00 OK

Check Details

Version: 0.1.7
Check: C++ specification
Result: NOTE Specified C++11: please drop specification unless essential Flavors: r-devel-linux-x86_64-debian-clang, r-devel-linux-x86_64-debian-gcc, r-devel-linux-x86_64-fedora-clang, r-devel-linux-x86_64-fedora-gcc, r-devel-windows-x86_64, r-patched-linux-x86_64, r-release-linux-x86_64, r-release-macos-arm64, r-release-macos-x86_64, r-release-windows-x86_64