CRAN Package Check Results for Package RcppDist

Last updated on 2021-11-29 19:51:41 CET.

Flavor Version Tinstall Tcheck Ttotal Status Flags
r-devel-linux-x86_64-debian-clang 0.1.1 51.15 35.20 86.35 NOTE
r-devel-linux-x86_64-debian-gcc 0.1.1 39.99 27.77 67.76 NOTE
r-devel-linux-x86_64-fedora-clang 0.1.1 140.84 NOTE
r-devel-linux-x86_64-fedora-gcc 0.1.1 118.22 NOTE
r-devel-windows-x86_64-new-UL 0.1.1 68.00 109.00 177.00 NOTE
r-devel-windows-x86_64-new-TK 0.1.1 NOTE
r-devel-windows-x86_64-old 0.1.1 68.00 57.00 125.00 NOTE
r-patched-linux-x86_64 0.1.1 43.29 33.13 76.42 NOTE
r-patched-solaris-x86 0.1.1 116.50 NOTE
r-release-linux-x86_64 0.1.1 45.90 33.37 79.27 NOTE
r-release-macos-arm64 0.1.1 NOTE
r-release-macos-x86_64 0.1.1 NOTE
r-release-windows-ix86+x86_64 0.1.1 128.00 92.00 220.00 NOTE
r-oldrel-macos-x86_64 0.1.1 OK
r-oldrel-windows-ix86+x86_64 0.1.1 102.00 89.00 191.00 OK

Check Details

Version: 0.1.1
Check: LazyData
Result: NOTE
     'LazyData' is specified without a 'data' directory
Flavors: r-devel-linux-x86_64-debian-clang, r-devel-linux-x86_64-debian-gcc, r-devel-linux-x86_64-fedora-clang, r-devel-linux-x86_64-fedora-gcc, r-devel-windows-x86_64-new-UL, r-devel-windows-x86_64-new-TK, r-devel-windows-x86_64-old, r-patched-linux-x86_64, r-patched-solaris-x86, r-release-linux-x86_64, r-release-macos-arm64, r-release-macos-x86_64, r-release-windows-ix86+x86_64

Version: 0.1.1
Check: installed package size
Result: NOTE
     installed size is 5.2Mb
     sub-directories of 1Mb or more:
     libs 4.7Mb
Flavor: r-release-macos-arm64