CRAN Package Check Results for Package RcppHMM

Last updated on 2024-03-02 19:50:27 CET.

Flavor Version Tinstall Tcheck Ttotal Status Flags
r-devel-linux-x86_64-debian-clang 1.2.2 101.00 31.90 132.90 NOTE
r-devel-linux-x86_64-debian-gcc 1.2.2 82.82 24.48 107.30 NOTE
r-devel-linux-x86_64-fedora-clang 1.2.2 199.34 NOTE
r-devel-linux-x86_64-fedora-gcc 1.2.2 198.15 NOTE
r-devel-windows-x86_64 1.2.2 76.00 78.00 154.00 NOTE
r-patched-linux-x86_64 1.2.2 91.74 31.67 123.41 NOTE
r-release-linux-x86_64 1.2.2 95.96 31.01 126.97 NOTE
r-release-macos-arm64 1.2.2 44.00 NOTE
r-release-macos-x86_64 1.2.2 69.00 NOTE
r-release-windows-x86_64 1.2.2 71.00 76.00 147.00 NOTE
r-oldrel-macos-arm64 1.2.2 45.00 OK
r-oldrel-windows-x86_64 1.2.2 97.00 79.00 176.00 OK

Check Details

Version: 1.2.2
Check: C++ specification
Result: NOTE Specified C++11: please drop specification unless essential Flavors: r-devel-linux-x86_64-debian-clang, r-devel-linux-x86_64-debian-gcc, r-devel-linux-x86_64-fedora-clang, r-devel-linux-x86_64-fedora-gcc, r-devel-windows-x86_64, r-patched-linux-x86_64, r-release-linux-x86_64, r-release-macos-arm64, r-release-macos-x86_64, r-release-windows-x86_64