Last updated on 2022-05-28 21:50:49 CEST.
Flavor | Version | Tinstall | Tcheck | Ttotal | Status | Flags |
---|---|---|---|---|---|---|
r-devel-linux-x86_64-debian-clang | 0.0.1.2 | 48.24 | 36.95 | 85.19 | NOTE | |
r-devel-linux-x86_64-debian-gcc | 0.0.1.2 | 38.39 | 28.35 | 66.74 | NOTE | |
r-devel-linux-x86_64-fedora-clang | 0.0.1.2 | 115.91 | NOTE | |||
r-devel-linux-x86_64-fedora-gcc | 0.0.1.2 | 110.41 | NOTE | |||
r-devel-windows-x86_64 | 0.0.1.2 | 55.00 | 84.00 | 139.00 | NOTE | |
r-patched-linux-x86_64 | 0.0.1.2 | 44.18 | 35.70 | 79.88 | NOTE | |
r-release-linux-x86_64 | 0.0.1.2 | 43.84 | 35.80 | 79.64 | NOTE | |
r-release-macos-arm64 | 0.0.1.2 | 26.00 | ERROR | |||
r-release-macos-x86_64 | 0.0.1.2 | 26.00 | ERROR | |||
r-release-windows-x86_64 | 0.0.1.2 | 61.00 | 88.00 | 149.00 | NOTE | |
r-oldrel-macos-arm64 | 0.0.1.2 | 24.00 | ERROR | |||
r-oldrel-macos-x86_64 | 0.0.1.2 | 32.00 | ERROR | |||
r-oldrel-windows-ix86+x86_64 | 0.0.1.2 | 137.00 | 83.00 | 220.00 | NOTE |
Version: 0.0.1.2
Check: LazyData
Result: NOTE
'LazyData' is specified without a 'data' directory
Flavors: r-devel-linux-x86_64-debian-clang, r-devel-linux-x86_64-debian-gcc, r-devel-linux-x86_64-fedora-clang, r-devel-linux-x86_64-fedora-gcc, r-devel-windows-x86_64, r-patched-linux-x86_64, r-release-linux-x86_64, r-release-windows-x86_64, r-oldrel-windows-ix86+x86_64
Version: 0.0.1.2
Check: for GNU extensions in Makefiles
Result: NOTE
GNU make is a SystemRequirements.
Flavors: r-devel-linux-x86_64-debian-clang, r-devel-linux-x86_64-debian-gcc, r-devel-linux-x86_64-fedora-clang, r-devel-linux-x86_64-fedora-gcc, r-devel-windows-x86_64, r-patched-linux-x86_64, r-release-linux-x86_64, r-release-windows-x86_64, r-oldrel-windows-ix86+x86_64
Version: 0.0.1.2
Check: whether package can be installed
Result: ERROR
Installation failed.
Flavors: r-release-macos-arm64, r-release-macos-x86_64, r-oldrel-macos-arm64, r-oldrel-macos-x86_64
Version: 0.0.1.2
Check: installed package size
Result: NOTE
installed size is 5.9Mb
sub-directories of 1Mb or more:
libs 5.8Mb
Flavor: r-oldrel-windows-ix86+x86_64