CRAN Package Check Results for Package RcppParallel

Last updated on 2022-12-03 19:52:59 CET.

Flavor Version Tinstall Tcheck Ttotal Status Flags
r-devel-linux-x86_64-debian-clang 5.1.5 52.48 80.53 133.01 NOTE
r-devel-linux-x86_64-debian-gcc 5.1.5 40.46 58.65 99.11 NOTE
r-devel-linux-x86_64-fedora-clang 5.1.5 217.90 NOTE
r-devel-linux-x86_64-fedora-gcc 5.1.5 172.55 NOTE
r-devel-windows-x86_64 5.1.5 772.00 136.00 908.00 NOTE
r-patched-linux-x86_64 5.1.5 42.38 70.45 112.83 NOTE
r-release-linux-x86_64 5.1.5 44.06 69.65 113.71 NOTE
r-release-macos-arm64 5.1.5 49.00 NOTE
r-release-macos-x86_64 5.1.5 75.00 NOTE
r-release-windows-x86_64 5.1.5 792.00 139.00 931.00 NOTE
r-oldrel-macos-arm64 5.1.5 57.00 NOTE
r-oldrel-macos-x86_64 5.1.5 114.00 NOTE
r-oldrel-windows-ix86+x86_64 5.1.5 303.00 181.00 484.00 NOTE

Check Details

Version: 5.1.5
Check: for GNU extensions in Makefiles
Result: NOTE
    GNU make is a SystemRequirements.
Flavors: r-devel-linux-x86_64-debian-clang, r-devel-linux-x86_64-debian-gcc, r-devel-linux-x86_64-fedora-clang, r-devel-linux-x86_64-fedora-gcc, r-devel-windows-x86_64, r-patched-linux-x86_64, r-release-linux-x86_64, r-release-macos-arm64, r-release-macos-x86_64, r-release-windows-x86_64, r-oldrel-macos-arm64, r-oldrel-macos-x86_64, r-oldrel-windows-ix86+x86_64

Version: 5.1.5
Check: installed package size
Result: NOTE
     installed size is 7.1Mb
     sub-directories of 1Mb or more:
     include 2.1Mb
     lib 4.6Mb
Flavor: r-oldrel-windows-ix86+x86_64