CRAN Package Check Results for Package RcppSMC

Last updated on 2025-01-24 19:48:38 CET.

Flavor Version Tinstall Tcheck Ttotal Status Flags
r-devel-linux-x86_64-debian-clang 0.2.7 100.05 29.69 129.74 NOTE
r-devel-linux-x86_64-debian-gcc 0.2.7 73.45 22.85 96.30 NOTE
r-devel-linux-x86_64-fedora-clang 0.2.7 251.40 NOTE
r-devel-linux-x86_64-fedora-gcc 0.2.7 270.96 NOTE
r-devel-windows-x86_64 0.2.7 105.00 80.00 185.00 NOTE
r-patched-linux-x86_64 0.2.7 104.23 27.54 131.77 NOTE
r-release-linux-x86_64 0.2.7 104.06 27.58 131.64 NOTE
r-release-macos-arm64 0.2.7 53.00 NOTE
r-release-macos-x86_64 0.2.7 68.00 NOTE
r-release-windows-x86_64 0.2.7 100.00 76.00 176.00 NOTE
r-oldrel-macos-arm64 0.2.7 61.00 NOTE
r-oldrel-macos-x86_64 0.2.7 103.00 NOTE
r-oldrel-windows-x86_64 0.2.7 118.00 92.00 210.00 OK

Check Details

Version: 0.2.7
Check: Rd files
Result: NOTE checkRd: (-1) cSMCexamples.Rd:78-80: Lost braces in \itemize; \value handles \item{}{} directly checkRd: (-1) cSMCexamples.Rd:81-83: Lost braces in \itemize; \value handles \item{}{} directly checkRd: (-1) cSMCexamples.Rd:89: Lost braces in \itemize; \value handles \item{}{} directly checkRd: (-1) cSMCexamples.Rd:90: Lost braces in \itemize; \value handles \item{}{} directly Flavors: r-devel-linux-x86_64-debian-clang, r-devel-linux-x86_64-debian-gcc, r-devel-linux-x86_64-fedora-clang, r-devel-linux-x86_64-fedora-gcc, r-devel-windows-x86_64, r-patched-linux-x86_64, r-release-linux-x86_64, r-release-macos-arm64, r-release-macos-x86_64, r-release-windows-x86_64

Version: 0.2.7
Check: installed package size
Result: NOTE installed size is 7.0Mb sub-directories of 1Mb or more: libs 6.6Mb Flavors: r-release-macos-arm64, r-release-macos-x86_64, r-oldrel-macos-arm64, r-oldrel-macos-x86_64