CRAN Package Check Results for Package RcppSpdlog

Last updated on 2022-06-28 21:51:30 CEST.

Flavor Version Tinstall Tcheck Ttotal Status Flags
r-devel-linux-x86_64-debian-clang 0.0.8 36.03 30.14 66.17 OK
r-devel-linux-x86_64-debian-gcc 0.0.8 31.37 23.72 55.09 OK
r-devel-linux-x86_64-fedora-clang 0.0.8 102.38 OK
r-devel-linux-x86_64-fedora-gcc 0.0.8 100.22 OK
r-devel-windows-x86_64 0.0.8 96.00 92.00 188.00 OK
r-patched-linux-x86_64 0.0.8 29.68 29.85 59.53 OK
r-release-linux-x86_64 0.0.8 31.02 29.53 60.55 OK
r-release-macos-arm64 0.0.8 30.00 NOTE
r-release-macos-x86_64 0.0.8 38.00 NOTE
r-release-windows-x86_64 0.0.8 93.00 85.00 178.00 OK
r-oldrel-macos-arm64 0.0.8 29.00 NOTE
r-oldrel-macos-x86_64 0.0.8 44.00 NOTE
r-oldrel-windows-ix86+x86_64 0.0.8 90.00 106.00 196.00 OK

Check Details

Version: 0.0.8
Check: installed package size
Result: NOTE
     installed size is 5.1Mb
     sub-directories of 1Mb or more:
     include 1.0Mb
     libs 3.8Mb
Flavors: r-release-macos-arm64, r-release-macos-x86_64, r-oldrel-macos-arm64, r-oldrel-macos-x86_64