CRAN Package Check Results for Package Rcssplot

Last updated on 2023-02-07 19:58:19 CET.

Flavor Version Tinstall Tcheck Ttotal Status Flags
r-devel-linux-x86_64-debian-clang 1.0.0 4.28 40.70 44.98 NOTE
r-devel-linux-x86_64-debian-gcc 1.0.0 2.84 31.32 34.16 NOTE
r-devel-linux-x86_64-fedora-clang 1.0.0 56.26 NOTE
r-devel-linux-x86_64-fedora-gcc 1.0.0 65.55 NOTE
r-devel-windows-x86_64 1.0.0 36.00 91.00 127.00 NOTE
r-patched-linux-x86_64 1.0.0 3.97 37.69 41.66 NOTE
r-release-linux-x86_64 1.0.0 3.61 38.00 41.61 NOTE
r-release-macos-arm64 1.0.0 21.00 NOTE
r-release-macos-x86_64 1.0.0 30.00 NOTE
r-release-windows-x86_64 1.0.0 43.00 88.00 131.00 NOTE
r-oldrel-macos-arm64 1.0.0 24.00 NOTE
r-oldrel-macos-x86_64 1.0.0 38.00 NOTE
r-oldrel-windows-ix86+x86_64 1.0.0 8.00 71.00 79.00 NOTE

Check Details

Version: 1.0.0
Check: LazyData
Result: NOTE
     'LazyData' is specified without a 'data' directory
Flavors: r-devel-linux-x86_64-debian-clang, r-devel-linux-x86_64-debian-gcc, r-devel-linux-x86_64-fedora-clang, r-devel-linux-x86_64-fedora-gcc, r-devel-windows-x86_64, r-patched-linux-x86_64, r-release-linux-x86_64, r-release-macos-arm64, r-release-macos-x86_64, r-release-windows-x86_64, r-oldrel-macos-arm64, r-oldrel-macos-x86_64, r-oldrel-windows-ix86+x86_64