Last updated on 2023-12-07 19:58:41 CET.
Flavor | Version | Tinstall | Tcheck | Ttotal | Status | Flags |
---|---|---|---|---|---|---|
r-devel-linux-x86_64-debian-clang | 0.4-1 | 47.29 | 226.72 | 274.01 | NOTE | |
r-devel-linux-x86_64-debian-gcc | 0.4-1 | 38.82 | 169.02 | 207.84 | NOTE | |
r-devel-linux-x86_64-fedora-clang | 0.4-1 | 354.77 | NOTE | |||
r-devel-linux-x86_64-fedora-gcc | 0.4-1 | 342.38 | NOTE | |||
r-devel-windows-x86_64 | 0.4-1 | 42.00 | 164.00 | 206.00 | NOTE | |
r-patched-linux-x86_64 | 0.4-1 | 54.58 | 224.51 | 279.09 | NOTE | |
r-release-linux-x86_64 | 0.4-1 | 46.93 | 215.43 | 262.36 | NOTE | |
r-release-macos-arm64 | 0.4-1 | 72.00 | NOTE | |||
r-release-macos-x86_64 | 0.4-1 | 160.00 | NOTE | |||
r-release-windows-x86_64 | 0.4-1 | 55.00 | 216.00 | 271.00 | NOTE | |
r-oldrel-macos-arm64 | 0.4-1 | 68.00 | OK | |||
r-oldrel-macos-x86_64 | 0.4-1 | 93.00 | OK | |||
r-oldrel-windows-x86_64 | 0.4-1 | 56.00 | 210.00 | 266.00 | OK |
Version: 0.4-1
Check: C++ specification
Result: NOTE
Specified C++11: please drop specification unless essential
Flavors: r-devel-linux-x86_64-debian-clang, r-devel-linux-x86_64-debian-gcc, r-devel-linux-x86_64-fedora-clang, r-devel-linux-x86_64-fedora-gcc, r-devel-windows-x86_64, r-patched-linux-x86_64, r-release-linux-x86_64, r-release-macos-arm64, r-release-macos-x86_64, r-release-windows-x86_64