CRAN Package Check Results for Package RedditExtractoR

Last updated on 2021-12-01 19:51:46 CET.

Flavor Version Tinstall Tcheck Ttotal Status Flags
r-devel-linux-x86_64-debian-clang 3.0.5 2.80 24.23 27.03 OK
r-devel-linux-x86_64-debian-gcc 3.0.5 2.20 19.40 21.60 OK
r-devel-linux-x86_64-fedora-clang 3.0.5 45.92 NOTE
r-devel-linux-x86_64-fedora-gcc 3.0.5 33.01 NOTE
r-devel-windows-x86_64-new-UL 3.0.5 9.00 65.00 74.00 OK
r-devel-windows-x86_64-new-TK 3.0.5 NOTE
r-devel-windows-x86_64-old 3.0.5 5.00 30.00 35.00 OK
r-patched-linux-x86_64 3.0.5 2.78 23.43 26.21 OK
r-patched-solaris-x86 3.0.5 52.50 NOTE
r-release-linux-x86_64 3.0.5 2.54 23.65 26.19 OK
r-release-macos-arm64 3.0.5 NOTE
r-release-macos-x86_64 3.0.5 NOTE
r-release-windows-ix86+x86_64 3.0.5 6.00 42.00 48.00 OK
r-oldrel-macos-x86_64 2.1.5 OK
r-oldrel-windows-ix86+x86_64 2.1.5 20.00 58.00 78.00 OK

Check Details

Version: 3.0.5
Check: dependencies in R code
Result: NOTE
    Namespace in Imports field not imported from: ‘rlang’
     All declared Imports should be used.
Flavors: r-devel-linux-x86_64-fedora-clang, r-devel-linux-x86_64-fedora-gcc, r-devel-windows-x86_64-new-TK, r-patched-solaris-x86, r-release-macos-arm64, r-release-macos-x86_64